{"id":6629,"date":"2019-08-27T19:12:54","date_gmt":"2019-08-27T17:12:54","guid":{"rendered":"https:\/\/www.kingstongrowshop.it\/?post_type=product&#038;p=6629"},"modified":"2025-11-03T10:03:03","modified_gmt":"2025-11-03T09:03:03","slug":"advance-nutrients-voodoo-juice-250ml","status":"publish","type":"product","link":"https:\/\/www.kingstongrowshop.it\/?product=advance-nutrients-voodoo-juice-250ml","title":{"rendered":"ADVANCED NUTRIENTS VOODOO JUICE 250ml"},"content":{"rendered":"","protected":false},"excerpt":{"rendered":"<div id=\"stcpDiv\">\n<p>Voodoo Juice \u00e8 uno dei prodotti a base di batteri; \u00e8 composto da cinque specie di batteri benefici.<\/p>\n<p>In un solo litro di Voodoo Juice sono contenuti ben 50 miliardi di batteri che convertono gli elementi nutritivi per le piante in forme biodisponibili.<\/p>\n<p>Uno di questi cinque batteri \u00e8 anche un fissatore dell&#8217;azoto. \u00c8 dimostrato che le piante trattate con Voodoo Juice, hanno sviluppato circa il 90 % in pi\u00f9 di radici.<\/p>\n<\/div>\n","protected":false},"featured_media":6630,"comment_status":"open","ping_status":"closed","template":"","meta":[],"product_brand":[],"product_cat":[289,281,567],"product_tag":[592,591],"class_list":{"0":"post-6629","1":"product","2":"type-product","3":"status-publish","4":"has-post-thumbnail","6":"product_cat-advancenutrients","7":"product_cat-fertilizzantiecuradellepiante","8":"product_cat-radicanti","9":"product_tag-advance-nutrients","10":"product_tag-voodoo-juice","12":"first","13":"outofstock","14":"shipping-taxable","15":"purchasable","16":"product-type-simple"},"yoast_head":"<!-- This site is optimized with the Yoast SEO plugin v27.5 - https:\/\/yoast.com\/product\/yoast-seo-wordpress\/ -->\n<title>ADVANCED NUTRIENTS VOODOO JUICE 250ml - Kingston Grow Shop<\/title>\n<meta name=\"robots\" content=\"index, follow, max-snippet:-1, max-image-preview:large, max-video-preview:-1\" \/>\n<link rel=\"canonical\" href=\"https:\/\/www.kingstongrowshop.it\/?product=advance-nutrients-voodoo-juice-250ml\" \/>\n<meta property=\"og:locale\" content=\"it_IT\" \/>\n<meta property=\"og:type\" content=\"article\" \/>\n<meta property=\"og:title\" content=\"ADVANCED NUTRIENTS VOODOO JUICE 250ml - Kingston Grow Shop\" \/>\n<meta property=\"og:description\" content=\"Voodoo Juice \u00e8 uno dei prodotti a base di batteri; \u00e8 composto da cinque specie di batteri benefici.  In un solo litro di Voodoo Juice sono contenuti ben 50 miliardi di batteri che convertono gli elementi nutritivi per le piante in forme biodisponibili.  Uno di questi cinque batteri \u00e8 anche un fissatore dell&#039;azoto. \u00c8 dimostrato che le piante trattate con Voodoo Juice, hanno sviluppato circa il 90 % in pi\u00f9 di radici.\" \/>\n<meta property=\"og:url\" content=\"https:\/\/www.kingstongrowshop.it\/?product=advance-nutrients-voodoo-juice-250ml\" \/>\n<meta property=\"og:site_name\" content=\"Kingston Grow Shop\" \/>\n<meta property=\"article:modified_time\" content=\"2025-11-03T09:03:03+00:00\" \/>\n<meta property=\"og:image\" content=\"https:\/\/www.kingstongrowshop.it\/wp-content\/uploads\/2019\/08\/voodoo_juice_500ml_Img_Principale_10211.jpg\" \/>\n\t<meta property=\"og:image:width\" content=\"433\" \/>\n\t<meta property=\"og:image:height\" content=\"325\" \/>\n\t<meta property=\"og:image:type\" content=\"image\/jpeg\" \/>\n<meta name=\"twitter:card\" content=\"summary_large_image\" \/>\n<meta name=\"twitter:label1\" content=\"Tempo di lettura stimato\" \/>\n\t<meta name=\"twitter:data1\" content=\"1 minuto\" \/>\n<script type=\"application\/ld+json\" class=\"yoast-schema-graph\">{\"@context\":\"https:\\\/\\\/schema.org\",\"@graph\":[{\"@type\":\"WebPage\",\"@id\":\"https:\\\/\\\/www.kingstongrowshop.it\\\/?product=advance-nutrients-voodoo-juice-250ml\",\"url\":\"https:\\\/\\\/www.kingstongrowshop.it\\\/?product=advance-nutrients-voodoo-juice-250ml\",\"name\":\"ADVANCED NUTRIENTS VOODOO JUICE 250ml - Kingston Grow Shop\",\"isPartOf\":{\"@id\":\"https:\\\/\\\/www.kingstongrowshop.it\\\/#website\"},\"primaryImageOfPage\":{\"@id\":\"https:\\\/\\\/www.kingstongrowshop.it\\\/?product=advance-nutrients-voodoo-juice-250ml#primaryimage\"},\"image\":{\"@id\":\"https:\\\/\\\/www.kingstongrowshop.it\\\/?product=advance-nutrients-voodoo-juice-250ml#primaryimage\"},\"thumbnailUrl\":\"https:\\\/\\\/www.kingstongrowshop.it\\\/wp-content\\\/uploads\\\/2019\\\/08\\\/voodoo_juice_500ml_Img_Principale_10211.jpg\",\"datePublished\":\"2019-08-27T17:12:54+00:00\",\"dateModified\":\"2025-11-03T09:03:03+00:00\",\"breadcrumb\":{\"@id\":\"https:\\\/\\\/www.kingstongrowshop.it\\\/?product=advance-nutrients-voodoo-juice-250ml#breadcrumb\"},\"inLanguage\":\"it-IT\",\"potentialAction\":[{\"@type\":\"ReadAction\",\"target\":[\"https:\\\/\\\/www.kingstongrowshop.it\\\/?product=advance-nutrients-voodoo-juice-250ml\"]}]},{\"@type\":\"ImageObject\",\"inLanguage\":\"it-IT\",\"@id\":\"https:\\\/\\\/www.kingstongrowshop.it\\\/?product=advance-nutrients-voodoo-juice-250ml#primaryimage\",\"url\":\"https:\\\/\\\/www.kingstongrowshop.it\\\/wp-content\\\/uploads\\\/2019\\\/08\\\/voodoo_juice_500ml_Img_Principale_10211.jpg\",\"contentUrl\":\"https:\\\/\\\/www.kingstongrowshop.it\\\/wp-content\\\/uploads\\\/2019\\\/08\\\/voodoo_juice_500ml_Img_Principale_10211.jpg\",\"width\":433,\"height\":325},{\"@type\":\"BreadcrumbList\",\"@id\":\"https:\\\/\\\/www.kingstongrowshop.it\\\/?product=advance-nutrients-voodoo-juice-250ml#breadcrumb\",\"itemListElement\":[{\"@type\":\"ListItem\",\"position\":1,\"name\":\"Home\",\"item\":\"https:\\\/\\\/www.kingstongrowshop.it\\\/\"},{\"@type\":\"ListItem\",\"position\":2,\"name\":\"Shop\",\"item\":\"https:\\\/\\\/www.kingstongrowshop.it\\\/?page_id=3853\"},{\"@type\":\"ListItem\",\"position\":3,\"name\":\"ADVANCED NUTRIENTS VOODOO JUICE 250ml\"}]},{\"@type\":\"WebSite\",\"@id\":\"https:\\\/\\\/www.kingstongrowshop.it\\\/#website\",\"url\":\"https:\\\/\\\/www.kingstongrowshop.it\\\/\",\"name\":\"Kingston Grow Shop\",\"description\":\"Il tuo Grow Shop di Fiducia\",\"potentialAction\":[{\"@type\":\"SearchAction\",\"target\":{\"@type\":\"EntryPoint\",\"urlTemplate\":\"https:\\\/\\\/www.kingstongrowshop.it\\\/?s={search_term_string}\"},\"query-input\":{\"@type\":\"PropertyValueSpecification\",\"valueRequired\":true,\"valueName\":\"search_term_string\"}}],\"inLanguage\":\"it-IT\"}]}<\/script>\n<!-- \/ Yoast SEO plugin. -->","yoast_head_json":{"title":"ADVANCED NUTRIENTS VOODOO JUICE 250ml - Kingston Grow Shop","robots":{"index":"index","follow":"follow","max-snippet":"max-snippet:-1","max-image-preview":"max-image-preview:large","max-video-preview":"max-video-preview:-1"},"canonical":"https:\/\/www.kingstongrowshop.it\/?product=advance-nutrients-voodoo-juice-250ml","og_locale":"it_IT","og_type":"article","og_title":"ADVANCED NUTRIENTS VOODOO JUICE 250ml - Kingston Grow Shop","og_description":"Voodoo Juice \u00e8 uno dei prodotti a base di batteri; \u00e8 composto da cinque specie di batteri benefici.  In un solo litro di Voodoo Juice sono contenuti ben 50 miliardi di batteri che convertono gli elementi nutritivi per le piante in forme biodisponibili.  Uno di questi cinque batteri \u00e8 anche un fissatore dell'azoto. \u00c8 dimostrato che le piante trattate con Voodoo Juice, hanno sviluppato circa il 90 % in pi\u00f9 di radici.","og_url":"https:\/\/www.kingstongrowshop.it\/?product=advance-nutrients-voodoo-juice-250ml","og_site_name":"Kingston Grow Shop","article_modified_time":"2025-11-03T09:03:03+00:00","og_image":[{"width":433,"height":325,"url":"https:\/\/www.kingstongrowshop.it\/wp-content\/uploads\/2019\/08\/voodoo_juice_500ml_Img_Principale_10211.jpg","type":"image\/jpeg"}],"twitter_card":"summary_large_image","twitter_misc":{"Tempo di lettura stimato":"1 minuto"},"schema":{"@context":"https:\/\/schema.org","@graph":[{"@type":"WebPage","@id":"https:\/\/www.kingstongrowshop.it\/?product=advance-nutrients-voodoo-juice-250ml","url":"https:\/\/www.kingstongrowshop.it\/?product=advance-nutrients-voodoo-juice-250ml","name":"ADVANCED NUTRIENTS VOODOO JUICE 250ml - Kingston Grow Shop","isPartOf":{"@id":"https:\/\/www.kingstongrowshop.it\/#website"},"primaryImageOfPage":{"@id":"https:\/\/www.kingstongrowshop.it\/?product=advance-nutrients-voodoo-juice-250ml#primaryimage"},"image":{"@id":"https:\/\/www.kingstongrowshop.it\/?product=advance-nutrients-voodoo-juice-250ml#primaryimage"},"thumbnailUrl":"https:\/\/www.kingstongrowshop.it\/wp-content\/uploads\/2019\/08\/voodoo_juice_500ml_Img_Principale_10211.jpg","datePublished":"2019-08-27T17:12:54+00:00","dateModified":"2025-11-03T09:03:03+00:00","breadcrumb":{"@id":"https:\/\/www.kingstongrowshop.it\/?product=advance-nutrients-voodoo-juice-250ml#breadcrumb"},"inLanguage":"it-IT","potentialAction":[{"@type":"ReadAction","target":["https:\/\/www.kingstongrowshop.it\/?product=advance-nutrients-voodoo-juice-250ml"]}]},{"@type":"ImageObject","inLanguage":"it-IT","@id":"https:\/\/www.kingstongrowshop.it\/?product=advance-nutrients-voodoo-juice-250ml#primaryimage","url":"https:\/\/www.kingstongrowshop.it\/wp-content\/uploads\/2019\/08\/voodoo_juice_500ml_Img_Principale_10211.jpg","contentUrl":"https:\/\/www.kingstongrowshop.it\/wp-content\/uploads\/2019\/08\/voodoo_juice_500ml_Img_Principale_10211.jpg","width":433,"height":325},{"@type":"BreadcrumbList","@id":"https:\/\/www.kingstongrowshop.it\/?product=advance-nutrients-voodoo-juice-250ml#breadcrumb","itemListElement":[{"@type":"ListItem","position":1,"name":"Home","item":"https:\/\/www.kingstongrowshop.it\/"},{"@type":"ListItem","position":2,"name":"Shop","item":"https:\/\/www.kingstongrowshop.it\/?page_id=3853"},{"@type":"ListItem","position":3,"name":"ADVANCED NUTRIENTS VOODOO JUICE 250ml"}]},{"@type":"WebSite","@id":"https:\/\/www.kingstongrowshop.it\/#website","url":"https:\/\/www.kingstongrowshop.it\/","name":"Kingston Grow Shop","description":"Il tuo Grow Shop di Fiducia","potentialAction":[{"@type":"SearchAction","target":{"@type":"EntryPoint","urlTemplate":"https:\/\/www.kingstongrowshop.it\/?s={search_term_string}"},"query-input":{"@type":"PropertyValueSpecification","valueRequired":true,"valueName":"search_term_string"}}],"inLanguage":"it-IT"}]}},"jetpack_sharing_enabled":true,"_links":{"self":[{"href":"https:\/\/www.kingstongrowshop.it\/index.php?rest_route=\/wp\/v2\/product\/6629","targetHints":{"allow":["GET"]}}],"collection":[{"href":"https:\/\/www.kingstongrowshop.it\/index.php?rest_route=\/wp\/v2\/product"}],"about":[{"href":"https:\/\/www.kingstongrowshop.it\/index.php?rest_route=\/wp\/v2\/types\/product"}],"replies":[{"embeddable":true,"href":"https:\/\/www.kingstongrowshop.it\/index.php?rest_route=%2Fwp%2Fv2%2Fcomments&post=6629"}],"wp:featuredmedia":[{"embeddable":true,"href":"https:\/\/www.kingstongrowshop.it\/index.php?rest_route=\/wp\/v2\/media\/6630"}],"wp:attachment":[{"href":"https:\/\/www.kingstongrowshop.it\/index.php?rest_route=%2Fwp%2Fv2%2Fmedia&parent=6629"}],"wp:term":[{"taxonomy":"product_brand","embeddable":true,"href":"https:\/\/www.kingstongrowshop.it\/index.php?rest_route=%2Fwp%2Fv2%2Fproduct_brand&post=6629"},{"taxonomy":"product_cat","embeddable":true,"href":"https:\/\/www.kingstongrowshop.it\/index.php?rest_route=%2Fwp%2Fv2%2Fproduct_cat&post=6629"},{"taxonomy":"product_tag","embeddable":true,"href":"https:\/\/www.kingstongrowshop.it\/index.php?rest_route=%2Fwp%2Fv2%2Fproduct_tag&post=6629"}],"curies":[{"name":"wp","href":"https:\/\/api.w.org\/{rel}","templated":true}]}}