{"id":6658,"date":"2019-08-27T20:01:34","date_gmt":"2019-08-27T18:01:34","guid":{"rendered":"https:\/\/www.kingstongrowshop.it\/?post_type=product&#038;p=6658"},"modified":"2019-08-27T20:01:39","modified_gmt":"2019-08-27T18:01:39","slug":"ghe-bio-bloom-30ml-60ml","status":"publish","type":"product","link":"https:\/\/www.kingstongrowshop.it\/?product=ghe-bio-bloom-30ml-60ml","title":{"rendered":"GHE BIO BLOOM 30ml &#8211; 60ml"},"content":{"rendered":"","protected":false},"excerpt":{"rendered":"<div id=\"tab-description\" class=\"panel entry-content active\">\n<p><strong>Bio Bloom<\/strong> \u00e8 un attivatore della crescita e della fioritura. Una delle sue peculiarit\u00e0 \u00e8 il trasferimento degli elementi nutritivi nella pianta, privilegiando le parti che ne hanno maggiormente bisogno, garantendo una ripartizione nutritiva armoniosa, aumenta di oltre il 20% il potere d\u2019assorbimento e di crescita delle piante.<\/p>\n<h3>Caratteristiche di Bio Bloom GHE<\/h3>\n<ul>\n<li>In terra, attiva i microrganismi, stimolando in questo modo la circolazione e l\u2019assorbimento delle sostanze nutritive.<\/li>\n<li>Aumenta le dimensioni delle foglie e migliora il processo di fotosintesi.<\/li>\n<li>Favorisce particolarmente l\u2019assimilazione del calcio.<\/li>\n<li>Accresce l\u2019immunit\u00e0 naturale e favorisce una resistenza maggiore alle malattie<\/li>\n<li>ll raccolto sar\u00e0 pi\u00f9 sano e la produzione pi\u00f9 abbondante.<\/li>\n<li>Pratico dispenser a contagoccia.<\/li>\n<\/ul>\n<\/div>\n","protected":false},"featured_media":6661,"comment_status":"open","ping_status":"closed","template":"","meta":[],"product_brand":[],"product_cat":[283,281,286,594],"product_tag":[609],"class_list":{"0":"post-6658","1":"product","2":"type-product","3":"status-publish","4":"has-post-thumbnail","6":"product_cat-fertilizzanti","7":"product_cat-fertilizzantiecuradellepiante","8":"product_cat-ghe","9":"product_cat-massimizza-la-produzione","10":"product_tag-ghe-biobloom","12":"first","13":"instock","14":"shipping-taxable","15":"purchasable","16":"product-type-variable"},"yoast_head":"<!-- This site is optimized with the Yoast SEO plugin v27.5 - https:\/\/yoast.com\/product\/yoast-seo-wordpress\/ -->\n<title>GHE BIO BLOOM 30ml - 60ml - Kingston Grow Shop<\/title>\n<meta name=\"robots\" content=\"index, follow, max-snippet:-1, max-image-preview:large, max-video-preview:-1\" \/>\n<link rel=\"canonical\" href=\"https:\/\/www.kingstongrowshop.it\/?product=ghe-bio-bloom-30ml-60ml\" \/>\n<meta property=\"og:locale\" content=\"it_IT\" \/>\n<meta property=\"og:type\" content=\"article\" \/>\n<meta property=\"og:title\" content=\"GHE BIO BLOOM 30ml - 60ml - Kingston Grow Shop\" \/>\n<meta property=\"og:description\" content=\"Bio Bloom \u00e8 un attivatore della crescita e della fioritura. Una delle sue peculiarit\u00e0 \u00e8 il trasferimento degli elementi nutritivi nella pianta, privilegiando le parti che ne hanno maggiormente bisogno, garantendo una ripartizione nutritiva armoniosa, aumenta di oltre il 20% il potere d\u2019assorbimento e di crescita delle piante. Caratteristiche di Bio Bloom GHE   In terra, attiva i microrganismi, stimolando in questo modo la circolazione e l\u2019assorbimento delle sostanze nutritive.  Aumenta le dimensioni delle foglie e migliora il processo di fotosintesi.  Favorisce particolarmente l\u2019assimilazione del calcio.  Accresce l\u2019immunit\u00e0 naturale e favorisce una resistenza maggiore alle malattie  ll raccolto sar\u00e0 pi\u00f9 sano e la produzione pi\u00f9 abbondante.  Pratico dispenser a contagoccia.\" \/>\n<meta property=\"og:url\" content=\"https:\/\/www.kingstongrowshop.it\/?product=ghe-bio-bloom-30ml-60ml\" \/>\n<meta property=\"og:site_name\" content=\"Kingston Grow Shop\" \/>\n<meta property=\"article:modified_time\" content=\"2019-08-27T18:01:39+00:00\" \/>\n<meta property=\"og:image\" content=\"https:\/\/www.kingstongrowshop.it\/wp-content\/uploads\/2019\/08\/bio-bloom-ghe-768x576.jpg\" \/>\n\t<meta property=\"og:image:width\" content=\"768\" \/>\n\t<meta property=\"og:image:height\" content=\"576\" \/>\n\t<meta property=\"og:image:type\" content=\"image\/jpeg\" \/>\n<meta name=\"twitter:card\" content=\"summary_large_image\" \/>\n<script type=\"application\/ld+json\" class=\"yoast-schema-graph\">{\"@context\":\"https:\\\/\\\/schema.org\",\"@graph\":[{\"@type\":\"WebPage\",\"@id\":\"https:\\\/\\\/www.kingstongrowshop.it\\\/?product=ghe-bio-bloom-30ml-60ml\",\"url\":\"https:\\\/\\\/www.kingstongrowshop.it\\\/?product=ghe-bio-bloom-30ml-60ml\",\"name\":\"GHE BIO BLOOM 30ml - 60ml - Kingston Grow Shop\",\"isPartOf\":{\"@id\":\"https:\\\/\\\/www.kingstongrowshop.it\\\/#website\"},\"primaryImageOfPage\":{\"@id\":\"https:\\\/\\\/www.kingstongrowshop.it\\\/?product=ghe-bio-bloom-30ml-60ml#primaryimage\"},\"image\":{\"@id\":\"https:\\\/\\\/www.kingstongrowshop.it\\\/?product=ghe-bio-bloom-30ml-60ml#primaryimage\"},\"thumbnailUrl\":\"https:\\\/\\\/www.kingstongrowshop.it\\\/wp-content\\\/uploads\\\/2019\\\/08\\\/bio-bloom-ghe-768x576.jpg\",\"datePublished\":\"2019-08-27T18:01:34+00:00\",\"dateModified\":\"2019-08-27T18:01:39+00:00\",\"breadcrumb\":{\"@id\":\"https:\\\/\\\/www.kingstongrowshop.it\\\/?product=ghe-bio-bloom-30ml-60ml#breadcrumb\"},\"inLanguage\":\"it-IT\",\"potentialAction\":[{\"@type\":\"ReadAction\",\"target\":[\"https:\\\/\\\/www.kingstongrowshop.it\\\/?product=ghe-bio-bloom-30ml-60ml\"]}]},{\"@type\":\"ImageObject\",\"inLanguage\":\"it-IT\",\"@id\":\"https:\\\/\\\/www.kingstongrowshop.it\\\/?product=ghe-bio-bloom-30ml-60ml#primaryimage\",\"url\":\"https:\\\/\\\/www.kingstongrowshop.it\\\/wp-content\\\/uploads\\\/2019\\\/08\\\/bio-bloom-ghe-768x576.jpg\",\"contentUrl\":\"https:\\\/\\\/www.kingstongrowshop.it\\\/wp-content\\\/uploads\\\/2019\\\/08\\\/bio-bloom-ghe-768x576.jpg\",\"width\":768,\"height\":576},{\"@type\":\"BreadcrumbList\",\"@id\":\"https:\\\/\\\/www.kingstongrowshop.it\\\/?product=ghe-bio-bloom-30ml-60ml#breadcrumb\",\"itemListElement\":[{\"@type\":\"ListItem\",\"position\":1,\"name\":\"Home\",\"item\":\"https:\\\/\\\/www.kingstongrowshop.it\\\/\"},{\"@type\":\"ListItem\",\"position\":2,\"name\":\"Shop\",\"item\":\"https:\\\/\\\/www.kingstongrowshop.it\\\/?page_id=3853\"},{\"@type\":\"ListItem\",\"position\":3,\"name\":\"GHE BIO BLOOM 30ml &#8211; 60ml\"}]},{\"@type\":\"WebSite\",\"@id\":\"https:\\\/\\\/www.kingstongrowshop.it\\\/#website\",\"url\":\"https:\\\/\\\/www.kingstongrowshop.it\\\/\",\"name\":\"Kingston Grow Shop\",\"description\":\"Il tuo Grow Shop di Fiducia\",\"potentialAction\":[{\"@type\":\"SearchAction\",\"target\":{\"@type\":\"EntryPoint\",\"urlTemplate\":\"https:\\\/\\\/www.kingstongrowshop.it\\\/?s={search_term_string}\"},\"query-input\":{\"@type\":\"PropertyValueSpecification\",\"valueRequired\":true,\"valueName\":\"search_term_string\"}}],\"inLanguage\":\"it-IT\"}]}<\/script>\n<!-- \/ Yoast SEO plugin. -->","yoast_head_json":{"title":"GHE BIO BLOOM 30ml - 60ml - Kingston Grow Shop","robots":{"index":"index","follow":"follow","max-snippet":"max-snippet:-1","max-image-preview":"max-image-preview:large","max-video-preview":"max-video-preview:-1"},"canonical":"https:\/\/www.kingstongrowshop.it\/?product=ghe-bio-bloom-30ml-60ml","og_locale":"it_IT","og_type":"article","og_title":"GHE BIO BLOOM 30ml - 60ml - Kingston Grow Shop","og_description":"Bio Bloom \u00e8 un attivatore della crescita e della fioritura. Una delle sue peculiarit\u00e0 \u00e8 il trasferimento degli elementi nutritivi nella pianta, privilegiando le parti che ne hanno maggiormente bisogno, garantendo una ripartizione nutritiva armoniosa, aumenta di oltre il 20% il potere d\u2019assorbimento e di crescita delle piante. Caratteristiche di Bio Bloom GHE   In terra, attiva i microrganismi, stimolando in questo modo la circolazione e l\u2019assorbimento delle sostanze nutritive.  Aumenta le dimensioni delle foglie e migliora il processo di fotosintesi.  Favorisce particolarmente l\u2019assimilazione del calcio.  Accresce l\u2019immunit\u00e0 naturale e favorisce una resistenza maggiore alle malattie  ll raccolto sar\u00e0 pi\u00f9 sano e la produzione pi\u00f9 abbondante.  Pratico dispenser a contagoccia.","og_url":"https:\/\/www.kingstongrowshop.it\/?product=ghe-bio-bloom-30ml-60ml","og_site_name":"Kingston Grow Shop","article_modified_time":"2019-08-27T18:01:39+00:00","og_image":[{"width":768,"height":576,"url":"https:\/\/www.kingstongrowshop.it\/wp-content\/uploads\/2019\/08\/bio-bloom-ghe-768x576.jpg","type":"image\/jpeg"}],"twitter_card":"summary_large_image","schema":{"@context":"https:\/\/schema.org","@graph":[{"@type":"WebPage","@id":"https:\/\/www.kingstongrowshop.it\/?product=ghe-bio-bloom-30ml-60ml","url":"https:\/\/www.kingstongrowshop.it\/?product=ghe-bio-bloom-30ml-60ml","name":"GHE BIO BLOOM 30ml - 60ml - Kingston Grow Shop","isPartOf":{"@id":"https:\/\/www.kingstongrowshop.it\/#website"},"primaryImageOfPage":{"@id":"https:\/\/www.kingstongrowshop.it\/?product=ghe-bio-bloom-30ml-60ml#primaryimage"},"image":{"@id":"https:\/\/www.kingstongrowshop.it\/?product=ghe-bio-bloom-30ml-60ml#primaryimage"},"thumbnailUrl":"https:\/\/www.kingstongrowshop.it\/wp-content\/uploads\/2019\/08\/bio-bloom-ghe-768x576.jpg","datePublished":"2019-08-27T18:01:34+00:00","dateModified":"2019-08-27T18:01:39+00:00","breadcrumb":{"@id":"https:\/\/www.kingstongrowshop.it\/?product=ghe-bio-bloom-30ml-60ml#breadcrumb"},"inLanguage":"it-IT","potentialAction":[{"@type":"ReadAction","target":["https:\/\/www.kingstongrowshop.it\/?product=ghe-bio-bloom-30ml-60ml"]}]},{"@type":"ImageObject","inLanguage":"it-IT","@id":"https:\/\/www.kingstongrowshop.it\/?product=ghe-bio-bloom-30ml-60ml#primaryimage","url":"https:\/\/www.kingstongrowshop.it\/wp-content\/uploads\/2019\/08\/bio-bloom-ghe-768x576.jpg","contentUrl":"https:\/\/www.kingstongrowshop.it\/wp-content\/uploads\/2019\/08\/bio-bloom-ghe-768x576.jpg","width":768,"height":576},{"@type":"BreadcrumbList","@id":"https:\/\/www.kingstongrowshop.it\/?product=ghe-bio-bloom-30ml-60ml#breadcrumb","itemListElement":[{"@type":"ListItem","position":1,"name":"Home","item":"https:\/\/www.kingstongrowshop.it\/"},{"@type":"ListItem","position":2,"name":"Shop","item":"https:\/\/www.kingstongrowshop.it\/?page_id=3853"},{"@type":"ListItem","position":3,"name":"GHE BIO BLOOM 30ml &#8211; 60ml"}]},{"@type":"WebSite","@id":"https:\/\/www.kingstongrowshop.it\/#website","url":"https:\/\/www.kingstongrowshop.it\/","name":"Kingston Grow Shop","description":"Il tuo Grow Shop di Fiducia","potentialAction":[{"@type":"SearchAction","target":{"@type":"EntryPoint","urlTemplate":"https:\/\/www.kingstongrowshop.it\/?s={search_term_string}"},"query-input":{"@type":"PropertyValueSpecification","valueRequired":true,"valueName":"search_term_string"}}],"inLanguage":"it-IT"}]}},"jetpack_sharing_enabled":true,"_links":{"self":[{"href":"https:\/\/www.kingstongrowshop.it\/index.php?rest_route=\/wp\/v2\/product\/6658","targetHints":{"allow":["GET"]}}],"collection":[{"href":"https:\/\/www.kingstongrowshop.it\/index.php?rest_route=\/wp\/v2\/product"}],"about":[{"href":"https:\/\/www.kingstongrowshop.it\/index.php?rest_route=\/wp\/v2\/types\/product"}],"replies":[{"embeddable":true,"href":"https:\/\/www.kingstongrowshop.it\/index.php?rest_route=%2Fwp%2Fv2%2Fcomments&post=6658"}],"wp:featuredmedia":[{"embeddable":true,"href":"https:\/\/www.kingstongrowshop.it\/index.php?rest_route=\/wp\/v2\/media\/6661"}],"wp:attachment":[{"href":"https:\/\/www.kingstongrowshop.it\/index.php?rest_route=%2Fwp%2Fv2%2Fmedia&parent=6658"}],"wp:term":[{"taxonomy":"product_brand","embeddable":true,"href":"https:\/\/www.kingstongrowshop.it\/index.php?rest_route=%2Fwp%2Fv2%2Fproduct_brand&post=6658"},{"taxonomy":"product_cat","embeddable":true,"href":"https:\/\/www.kingstongrowshop.it\/index.php?rest_route=%2Fwp%2Fv2%2Fproduct_cat&post=6658"},{"taxonomy":"product_tag","embeddable":true,"href":"https:\/\/www.kingstongrowshop.it\/index.php?rest_route=%2Fwp%2Fv2%2Fproduct_tag&post=6658"}],"curies":[{"name":"wp","href":"https:\/\/api.w.org\/{rel}","templated":true}]}}