{"id":6708,"date":"2019-08-28T17:24:03","date_gmt":"2019-08-28T15:24:03","guid":{"rendered":"https:\/\/www.kingstongrowshop.it\/?post_type=product&#038;p=6708"},"modified":"2020-05-07T18:26:09","modified_gmt":"2020-05-07T16:26:09","slug":"riflettore-rinforzato-per-cfl","status":"publish","type":"product","link":"https:\/\/www.kingstongrowshop.it\/?product=riflettore-rinforzato-per-cfl","title":{"rendered":"RIFLETTORE RINFORZATO PER CFL"},"content":{"rendered":"","protected":false},"excerpt":{"rendered":"<div id=\"tab-description\" class=\"panel entry-content active\">\n<p>Il <strong>riflettore<\/strong> <strong>rinforzato<\/strong> \u00e8 lo schermo riflettente pi\u00f9 utilizzato da chi coltiva indoor grazie al suo eccellente rapporto tra qualit\u00e0 e prezzo. Questo riflettore \u00e8 realizzato in alluminio molto spesso e con staffa rinforzata per reggere il peso delle <strong>lampade CFL<\/strong> compatte basso consumo.<\/p>\n<p>Viene utilizzato per riflettere la luce delle lampade in tutta l\u2019area di coltivazione, l\u2019allumunio anodizzato, con cui \u00e8 fatto, \u00e8 un materiale che conferisce la speciale resistenza ad alti valori di umidit\u00e0 che spesso si presentano nella grow room. Questo riflettore stuco rinforzato pu\u00f2 essere utilizzato con <strong>lampade CFL<\/strong>.<\/p>\n<h3>Caratteristiche del Riflettore rinforzato<\/h3>\n<ul>\n<li>Staffa rinforzata per il peso delle CFL;<\/li>\n<li>Ottimo rapporto tra qualit\u00e0 e prezzo;<\/li>\n<li>Realizzato in alluminio anodizzato spesso;<\/li>\n<li><strong>Portalampada E40<\/strong> in ceramica incluso;<\/li>\n<li>Dotato di staffe per sospensione;<\/li>\n<li>Adatto a lampade CFL di ogni wattaggio.<\/li>\n<\/ul>\n<\/div>\n","protected":false},"featured_media":6709,"comment_status":"open","ping_status":"closed","template":"","meta":[],"product_brand":[],"product_cat":[249,257],"product_tag":[626,625],"class_list":{"0":"post-6708","1":"product","2":"type-product","3":"status-publish","4":"has-post-thumbnail","6":"product_cat-illuminazionetimerecarrucole","7":"product_cat-riflettori","8":"product_tag-cfl","9":"product_tag-riflettore-cfl","11":"first","12":"instock","13":"sale","14":"shipping-taxable","15":"purchasable","16":"product-type-simple"},"yoast_head":"<!-- This site is optimized with the Yoast SEO plugin v27.5 - https:\/\/yoast.com\/product\/yoast-seo-wordpress\/ -->\n<title>RIFLETTORE RINFORZATO PER CFL - Kingston Grow Shop<\/title>\n<meta name=\"robots\" content=\"index, follow, max-snippet:-1, max-image-preview:large, max-video-preview:-1\" \/>\n<link rel=\"canonical\" href=\"https:\/\/www.kingstongrowshop.it\/?product=riflettore-rinforzato-per-cfl\" \/>\n<meta property=\"og:locale\" content=\"it_IT\" \/>\n<meta property=\"og:type\" content=\"article\" \/>\n<meta property=\"og:title\" content=\"RIFLETTORE RINFORZATO PER CFL - Kingston Grow Shop\" \/>\n<meta property=\"og:description\" content=\"Il riflettore rinforzato \u00e8 lo schermo riflettente pi\u00f9 utilizzato da chi coltiva indoor grazie al suo eccellente rapporto tra qualit\u00e0 e prezzo. Questo riflettore \u00e8 realizzato in alluminio molto spesso e con staffa rinforzata per reggere il peso delle lampade CFL compatte basso consumo.  Viene utilizzato per riflettere la luce delle lampade in tutta l\u2019area di coltivazione, l\u2019allumunio anodizzato, con cui \u00e8 fatto, \u00e8 un materiale che conferisce la speciale resistenza ad alti valori di umidit\u00e0 che spesso si presentano nella grow room. Questo riflettore stuco rinforzato pu\u00f2 essere utilizzato con lampade CFL. Caratteristiche del Riflettore rinforzato   Staffa rinforzata per il peso delle CFL;  Ottimo rapporto tra qualit\u00e0 e prezzo;  Realizzato in alluminio anodizzato spesso;  Portalampada E40 in ceramica incluso;  Dotato di staffe per sospensione;  Adatto a lampade CFL di ogni wattaggio.\" \/>\n<meta property=\"og:url\" content=\"https:\/\/www.kingstongrowshop.it\/?product=riflettore-rinforzato-per-cfl\" \/>\n<meta property=\"og:site_name\" content=\"Kingston Grow Shop\" \/>\n<meta property=\"article:modified_time\" content=\"2020-05-07T16:26:09+00:00\" \/>\n<meta property=\"og:image\" content=\"https:\/\/www.kingstongrowshop.it\/wp-content\/uploads\/2019\/08\/539_2.jpg\" \/>\n\t<meta property=\"og:image:width\" content=\"500\" \/>\n\t<meta property=\"og:image:height\" content=\"500\" \/>\n\t<meta property=\"og:image:type\" content=\"image\/jpeg\" \/>\n<meta name=\"twitter:card\" content=\"summary_large_image\" \/>\n<script type=\"application\/ld+json\" class=\"yoast-schema-graph\">{\"@context\":\"https:\\\/\\\/schema.org\",\"@graph\":[{\"@type\":\"WebPage\",\"@id\":\"https:\\\/\\\/www.kingstongrowshop.it\\\/?product=riflettore-rinforzato-per-cfl\",\"url\":\"https:\\\/\\\/www.kingstongrowshop.it\\\/?product=riflettore-rinforzato-per-cfl\",\"name\":\"RIFLETTORE RINFORZATO PER CFL - Kingston Grow Shop\",\"isPartOf\":{\"@id\":\"https:\\\/\\\/www.kingstongrowshop.it\\\/#website\"},\"primaryImageOfPage\":{\"@id\":\"https:\\\/\\\/www.kingstongrowshop.it\\\/?product=riflettore-rinforzato-per-cfl#primaryimage\"},\"image\":{\"@id\":\"https:\\\/\\\/www.kingstongrowshop.it\\\/?product=riflettore-rinforzato-per-cfl#primaryimage\"},\"thumbnailUrl\":\"https:\\\/\\\/www.kingstongrowshop.it\\\/wp-content\\\/uploads\\\/2019\\\/08\\\/539_2.jpg\",\"datePublished\":\"2019-08-28T15:24:03+00:00\",\"dateModified\":\"2020-05-07T16:26:09+00:00\",\"breadcrumb\":{\"@id\":\"https:\\\/\\\/www.kingstongrowshop.it\\\/?product=riflettore-rinforzato-per-cfl#breadcrumb\"},\"inLanguage\":\"it-IT\",\"potentialAction\":[{\"@type\":\"ReadAction\",\"target\":[\"https:\\\/\\\/www.kingstongrowshop.it\\\/?product=riflettore-rinforzato-per-cfl\"]}]},{\"@type\":\"ImageObject\",\"inLanguage\":\"it-IT\",\"@id\":\"https:\\\/\\\/www.kingstongrowshop.it\\\/?product=riflettore-rinforzato-per-cfl#primaryimage\",\"url\":\"https:\\\/\\\/www.kingstongrowshop.it\\\/wp-content\\\/uploads\\\/2019\\\/08\\\/539_2.jpg\",\"contentUrl\":\"https:\\\/\\\/www.kingstongrowshop.it\\\/wp-content\\\/uploads\\\/2019\\\/08\\\/539_2.jpg\",\"width\":500,\"height\":500},{\"@type\":\"BreadcrumbList\",\"@id\":\"https:\\\/\\\/www.kingstongrowshop.it\\\/?product=riflettore-rinforzato-per-cfl#breadcrumb\",\"itemListElement\":[{\"@type\":\"ListItem\",\"position\":1,\"name\":\"Home\",\"item\":\"https:\\\/\\\/www.kingstongrowshop.it\\\/\"},{\"@type\":\"ListItem\",\"position\":2,\"name\":\"Shop\",\"item\":\"https:\\\/\\\/www.kingstongrowshop.it\\\/?page_id=3853\"},{\"@type\":\"ListItem\",\"position\":3,\"name\":\"RIFLETTORE RINFORZATO PER CFL\"}]},{\"@type\":\"WebSite\",\"@id\":\"https:\\\/\\\/www.kingstongrowshop.it\\\/#website\",\"url\":\"https:\\\/\\\/www.kingstongrowshop.it\\\/\",\"name\":\"Kingston Grow Shop\",\"description\":\"Il tuo Grow Shop di Fiducia\",\"potentialAction\":[{\"@type\":\"SearchAction\",\"target\":{\"@type\":\"EntryPoint\",\"urlTemplate\":\"https:\\\/\\\/www.kingstongrowshop.it\\\/?s={search_term_string}\"},\"query-input\":{\"@type\":\"PropertyValueSpecification\",\"valueRequired\":true,\"valueName\":\"search_term_string\"}}],\"inLanguage\":\"it-IT\"}]}<\/script>\n<!-- \/ Yoast SEO plugin. -->","yoast_head_json":{"title":"RIFLETTORE RINFORZATO PER CFL - Kingston Grow Shop","robots":{"index":"index","follow":"follow","max-snippet":"max-snippet:-1","max-image-preview":"max-image-preview:large","max-video-preview":"max-video-preview:-1"},"canonical":"https:\/\/www.kingstongrowshop.it\/?product=riflettore-rinforzato-per-cfl","og_locale":"it_IT","og_type":"article","og_title":"RIFLETTORE RINFORZATO PER CFL - Kingston Grow Shop","og_description":"Il riflettore rinforzato \u00e8 lo schermo riflettente pi\u00f9 utilizzato da chi coltiva indoor grazie al suo eccellente rapporto tra qualit\u00e0 e prezzo. Questo riflettore \u00e8 realizzato in alluminio molto spesso e con staffa rinforzata per reggere il peso delle lampade CFL compatte basso consumo.  Viene utilizzato per riflettere la luce delle lampade in tutta l\u2019area di coltivazione, l\u2019allumunio anodizzato, con cui \u00e8 fatto, \u00e8 un materiale che conferisce la speciale resistenza ad alti valori di umidit\u00e0 che spesso si presentano nella grow room. Questo riflettore stuco rinforzato pu\u00f2 essere utilizzato con lampade CFL. Caratteristiche del Riflettore rinforzato   Staffa rinforzata per il peso delle CFL;  Ottimo rapporto tra qualit\u00e0 e prezzo;  Realizzato in alluminio anodizzato spesso;  Portalampada E40 in ceramica incluso;  Dotato di staffe per sospensione;  Adatto a lampade CFL di ogni wattaggio.","og_url":"https:\/\/www.kingstongrowshop.it\/?product=riflettore-rinforzato-per-cfl","og_site_name":"Kingston Grow Shop","article_modified_time":"2020-05-07T16:26:09+00:00","og_image":[{"width":500,"height":500,"url":"https:\/\/www.kingstongrowshop.it\/wp-content\/uploads\/2019\/08\/539_2.jpg","type":"image\/jpeg"}],"twitter_card":"summary_large_image","schema":{"@context":"https:\/\/schema.org","@graph":[{"@type":"WebPage","@id":"https:\/\/www.kingstongrowshop.it\/?product=riflettore-rinforzato-per-cfl","url":"https:\/\/www.kingstongrowshop.it\/?product=riflettore-rinforzato-per-cfl","name":"RIFLETTORE RINFORZATO PER CFL - Kingston Grow Shop","isPartOf":{"@id":"https:\/\/www.kingstongrowshop.it\/#website"},"primaryImageOfPage":{"@id":"https:\/\/www.kingstongrowshop.it\/?product=riflettore-rinforzato-per-cfl#primaryimage"},"image":{"@id":"https:\/\/www.kingstongrowshop.it\/?product=riflettore-rinforzato-per-cfl#primaryimage"},"thumbnailUrl":"https:\/\/www.kingstongrowshop.it\/wp-content\/uploads\/2019\/08\/539_2.jpg","datePublished":"2019-08-28T15:24:03+00:00","dateModified":"2020-05-07T16:26:09+00:00","breadcrumb":{"@id":"https:\/\/www.kingstongrowshop.it\/?product=riflettore-rinforzato-per-cfl#breadcrumb"},"inLanguage":"it-IT","potentialAction":[{"@type":"ReadAction","target":["https:\/\/www.kingstongrowshop.it\/?product=riflettore-rinforzato-per-cfl"]}]},{"@type":"ImageObject","inLanguage":"it-IT","@id":"https:\/\/www.kingstongrowshop.it\/?product=riflettore-rinforzato-per-cfl#primaryimage","url":"https:\/\/www.kingstongrowshop.it\/wp-content\/uploads\/2019\/08\/539_2.jpg","contentUrl":"https:\/\/www.kingstongrowshop.it\/wp-content\/uploads\/2019\/08\/539_2.jpg","width":500,"height":500},{"@type":"BreadcrumbList","@id":"https:\/\/www.kingstongrowshop.it\/?product=riflettore-rinforzato-per-cfl#breadcrumb","itemListElement":[{"@type":"ListItem","position":1,"name":"Home","item":"https:\/\/www.kingstongrowshop.it\/"},{"@type":"ListItem","position":2,"name":"Shop","item":"https:\/\/www.kingstongrowshop.it\/?page_id=3853"},{"@type":"ListItem","position":3,"name":"RIFLETTORE RINFORZATO PER CFL"}]},{"@type":"WebSite","@id":"https:\/\/www.kingstongrowshop.it\/#website","url":"https:\/\/www.kingstongrowshop.it\/","name":"Kingston Grow Shop","description":"Il tuo Grow Shop di Fiducia","potentialAction":[{"@type":"SearchAction","target":{"@type":"EntryPoint","urlTemplate":"https:\/\/www.kingstongrowshop.it\/?s={search_term_string}"},"query-input":{"@type":"PropertyValueSpecification","valueRequired":true,"valueName":"search_term_string"}}],"inLanguage":"it-IT"}]}},"jetpack_sharing_enabled":true,"_links":{"self":[{"href":"https:\/\/www.kingstongrowshop.it\/index.php?rest_route=\/wp\/v2\/product\/6708","targetHints":{"allow":["GET"]}}],"collection":[{"href":"https:\/\/www.kingstongrowshop.it\/index.php?rest_route=\/wp\/v2\/product"}],"about":[{"href":"https:\/\/www.kingstongrowshop.it\/index.php?rest_route=\/wp\/v2\/types\/product"}],"replies":[{"embeddable":true,"href":"https:\/\/www.kingstongrowshop.it\/index.php?rest_route=%2Fwp%2Fv2%2Fcomments&post=6708"}],"wp:featuredmedia":[{"embeddable":true,"href":"https:\/\/www.kingstongrowshop.it\/index.php?rest_route=\/wp\/v2\/media\/6709"}],"wp:attachment":[{"href":"https:\/\/www.kingstongrowshop.it\/index.php?rest_route=%2Fwp%2Fv2%2Fmedia&parent=6708"}],"wp:term":[{"taxonomy":"product_brand","embeddable":true,"href":"https:\/\/www.kingstongrowshop.it\/index.php?rest_route=%2Fwp%2Fv2%2Fproduct_brand&post=6708"},{"taxonomy":"product_cat","embeddable":true,"href":"https:\/\/www.kingstongrowshop.it\/index.php?rest_route=%2Fwp%2Fv2%2Fproduct_cat&post=6708"},{"taxonomy":"product_tag","embeddable":true,"href":"https:\/\/www.kingstongrowshop.it\/index.php?rest_route=%2Fwp%2Fv2%2Fproduct_tag&post=6708"}],"curies":[{"name":"wp","href":"https:\/\/api.w.org\/{rel}","templated":true}]}}