{"id":7739,"date":"2019-12-30T23:03:22","date_gmt":"2019-12-30T22:03:22","guid":{"rendered":"https:\/\/www.kingstongrowshop.it\/?post_type=product&#038;p=7739"},"modified":"2021-01-20T22:20:29","modified_gmt":"2021-01-20T21:20:29","slug":"estrattore-centrifugo-vk-250mm-1080-mc-h-cablato","status":"publish","type":"product","link":"https:\/\/www.kingstongrowshop.it\/?product=estrattore-centrifugo-vk-250mm-1080-mc-h-cablato","title":{"rendered":"ESTRATTORE CENTRIFUGO VK 250mm 1080 MC\/H cablato"},"content":{"rendered":"<h3>Scheda tecnica<\/h3>\n<table border=\"0\">\n<tbody>\n<tr>\n<td><strong>Voltaggio<\/strong><\/td>\n<td>230V<\/td>\n<\/tr>\n<tr>\n<td><strong>Corrente<\/strong><\/td>\n<td>0.76A<\/td>\n<\/tr>\n<tr>\n<td><strong>Frequenza<\/strong><\/td>\n<td>50Hz<\/td>\n<\/tr>\n<tr>\n<td><strong>Potenza<\/strong><\/td>\n<td>173W<\/td>\n<\/tr>\n<tr>\n<td><strong>Portata<\/strong><\/td>\n<td>1080 m<sup>3<\/sup>\/h<\/td>\n<\/tr>\n<tr>\n<td><strong>Rumorosit\u00e0<\/strong><\/td>\n<td>50dbA a 3m<\/td>\n<\/tr>\n<tr>\n<td><strong>Peso<\/strong><\/td>\n<td>4.5Kg<\/td>\n<\/tr>\n<tr>\n<td><strong>Diametro connessione<\/strong><\/td>\n<td>250mm<\/td>\n<\/tr>\n<\/tbody>\n<\/table>\n","protected":false},"excerpt":{"rendered":"<h3>Estrattore vk 250 mm; Capacit\u00e0 1080 mc\/h<\/h3>\n<h3>Caratteristiche dell\u2019aspiratore VK 250mm<\/h3>\n<ul>\n<li>Connessione Plug and Play per un cabalggio veloce e sicuro;<\/li>\n<li>Fornito con staffe per il posizionamento;<\/li>\n<li>Motore bilanciato per ridurre al minimo le vibrazioni;<\/li>\n<li>Velocit\u00e0 regolabile con un regolatore di velocit\u00e0 elettronico;<\/li>\n<li>Motore montato su cuscinetti a sfera;<\/li>\n<li>Protezione termica;<\/li>\n<li>Guscio in plastica antiurto;<\/li>\n<li>Bassa rumorosit\u00e0, 50dbA a 3m.<\/li>\n<\/ul>\n","protected":false},"featured_media":7740,"comment_status":"open","ping_status":"closed","template":"","meta":[],"product_brand":[],"product_cat":[260,259],"product_tag":[932,931],"class_list":{"0":"post-7739","1":"product","2":"type-product","3":"status-publish","4":"has-post-thumbnail","6":"product_cat-estrattorieaspiratori","7":"product_cat-trattamentoaria","8":"product_tag-aspiratore-1080-mc","9":"product_tag-estrattore-vk-250","11":"first","12":"instock","13":"shipping-taxable","14":"purchasable","15":"product-type-simple"},"yoast_head":"<!-- This site is optimized with the Yoast SEO plugin v27.5 - https:\/\/yoast.com\/product\/yoast-seo-wordpress\/ -->\n<title>ESTRATTORE CENTRIFUGO VK 250mm 1080 MC\/H cablato - Kingston Grow Shop<\/title>\n<meta name=\"robots\" content=\"index, follow, max-snippet:-1, max-image-preview:large, max-video-preview:-1\" \/>\n<link rel=\"canonical\" href=\"https:\/\/www.kingstongrowshop.it\/?product=estrattore-centrifugo-vk-250mm-1080-mc-h-cablato\" \/>\n<meta property=\"og:locale\" content=\"it_IT\" \/>\n<meta property=\"og:type\" content=\"article\" \/>\n<meta property=\"og:title\" content=\"ESTRATTORE CENTRIFUGO VK 250mm 1080 MC\/H cablato - Kingston Grow Shop\" \/>\n<meta property=\"og:description\" content=\"Estrattore vk 250 mm; Capacit\u00e0 1080 mc\/h Caratteristiche dell\u2019aspiratore VK 250mm   Connessione Plug and Play per un cabalggio veloce e sicuro;  Fornito con staffe per il posizionamento;  Motore bilanciato per ridurre al minimo le vibrazioni;  Velocit\u00e0 regolabile con un regolatore di velocit\u00e0 elettronico;  Motore montato su cuscinetti a sfera;  Protezione termica;  Guscio in plastica antiurto;  Bassa rumorosit\u00e0, 50dbA a 3m.\" \/>\n<meta property=\"og:url\" content=\"https:\/\/www.kingstongrowshop.it\/?product=estrattore-centrifugo-vk-250mm-1080-mc-h-cablato\" \/>\n<meta property=\"og:site_name\" content=\"Kingston Grow Shop\" \/>\n<meta property=\"article:modified_time\" content=\"2021-01-20T21:20:29+00:00\" \/>\n<meta property=\"og:image\" content=\"https:\/\/www.kingstongrowshop.it\/wp-content\/uploads\/2019\/12\/vk250.jpg\" \/>\n\t<meta property=\"og:image:width\" content=\"433\" \/>\n\t<meta property=\"og:image:height\" content=\"325\" \/>\n\t<meta property=\"og:image:type\" content=\"image\/jpeg\" \/>\n<meta name=\"twitter:card\" content=\"summary_large_image\" \/>\n<script type=\"application\/ld+json\" class=\"yoast-schema-graph\">{\"@context\":\"https:\\\/\\\/schema.org\",\"@graph\":[{\"@type\":\"WebPage\",\"@id\":\"https:\\\/\\\/www.kingstongrowshop.it\\\/?product=estrattore-centrifugo-vk-250mm-1080-mc-h-cablato\",\"url\":\"https:\\\/\\\/www.kingstongrowshop.it\\\/?product=estrattore-centrifugo-vk-250mm-1080-mc-h-cablato\",\"name\":\"ESTRATTORE CENTRIFUGO VK 250mm 1080 MC\\\/H cablato - Kingston Grow Shop\",\"isPartOf\":{\"@id\":\"https:\\\/\\\/www.kingstongrowshop.it\\\/#website\"},\"primaryImageOfPage\":{\"@id\":\"https:\\\/\\\/www.kingstongrowshop.it\\\/?product=estrattore-centrifugo-vk-250mm-1080-mc-h-cablato#primaryimage\"},\"image\":{\"@id\":\"https:\\\/\\\/www.kingstongrowshop.it\\\/?product=estrattore-centrifugo-vk-250mm-1080-mc-h-cablato#primaryimage\"},\"thumbnailUrl\":\"https:\\\/\\\/www.kingstongrowshop.it\\\/wp-content\\\/uploads\\\/2019\\\/12\\\/vk250.jpg\",\"datePublished\":\"2019-12-30T22:03:22+00:00\",\"dateModified\":\"2021-01-20T21:20:29+00:00\",\"breadcrumb\":{\"@id\":\"https:\\\/\\\/www.kingstongrowshop.it\\\/?product=estrattore-centrifugo-vk-250mm-1080-mc-h-cablato#breadcrumb\"},\"inLanguage\":\"it-IT\",\"potentialAction\":[{\"@type\":\"ReadAction\",\"target\":[\"https:\\\/\\\/www.kingstongrowshop.it\\\/?product=estrattore-centrifugo-vk-250mm-1080-mc-h-cablato\"]}]},{\"@type\":\"ImageObject\",\"inLanguage\":\"it-IT\",\"@id\":\"https:\\\/\\\/www.kingstongrowshop.it\\\/?product=estrattore-centrifugo-vk-250mm-1080-mc-h-cablato#primaryimage\",\"url\":\"https:\\\/\\\/www.kingstongrowshop.it\\\/wp-content\\\/uploads\\\/2019\\\/12\\\/vk250.jpg\",\"contentUrl\":\"https:\\\/\\\/www.kingstongrowshop.it\\\/wp-content\\\/uploads\\\/2019\\\/12\\\/vk250.jpg\",\"width\":433,\"height\":325},{\"@type\":\"BreadcrumbList\",\"@id\":\"https:\\\/\\\/www.kingstongrowshop.it\\\/?product=estrattore-centrifugo-vk-250mm-1080-mc-h-cablato#breadcrumb\",\"itemListElement\":[{\"@type\":\"ListItem\",\"position\":1,\"name\":\"Home\",\"item\":\"https:\\\/\\\/www.kingstongrowshop.it\\\/\"},{\"@type\":\"ListItem\",\"position\":2,\"name\":\"Shop\",\"item\":\"https:\\\/\\\/www.kingstongrowshop.it\\\/?page_id=3853\"},{\"@type\":\"ListItem\",\"position\":3,\"name\":\"ESTRATTORE CENTRIFUGO VK 250mm 1080 MC\\\/H cablato\"}]},{\"@type\":\"WebSite\",\"@id\":\"https:\\\/\\\/www.kingstongrowshop.it\\\/#website\",\"url\":\"https:\\\/\\\/www.kingstongrowshop.it\\\/\",\"name\":\"Kingston Grow Shop\",\"description\":\"Il tuo Grow Shop di Fiducia\",\"potentialAction\":[{\"@type\":\"SearchAction\",\"target\":{\"@type\":\"EntryPoint\",\"urlTemplate\":\"https:\\\/\\\/www.kingstongrowshop.it\\\/?s={search_term_string}\"},\"query-input\":{\"@type\":\"PropertyValueSpecification\",\"valueRequired\":true,\"valueName\":\"search_term_string\"}}],\"inLanguage\":\"it-IT\"}]}<\/script>\n<!-- \/ Yoast SEO plugin. -->","yoast_head_json":{"title":"ESTRATTORE CENTRIFUGO VK 250mm 1080 MC\/H cablato - Kingston Grow Shop","robots":{"index":"index","follow":"follow","max-snippet":"max-snippet:-1","max-image-preview":"max-image-preview:large","max-video-preview":"max-video-preview:-1"},"canonical":"https:\/\/www.kingstongrowshop.it\/?product=estrattore-centrifugo-vk-250mm-1080-mc-h-cablato","og_locale":"it_IT","og_type":"article","og_title":"ESTRATTORE CENTRIFUGO VK 250mm 1080 MC\/H cablato - Kingston Grow Shop","og_description":"Estrattore vk 250 mm; Capacit\u00e0 1080 mc\/h Caratteristiche dell\u2019aspiratore VK 250mm   Connessione Plug and Play per un cabalggio veloce e sicuro;  Fornito con staffe per il posizionamento;  Motore bilanciato per ridurre al minimo le vibrazioni;  Velocit\u00e0 regolabile con un regolatore di velocit\u00e0 elettronico;  Motore montato su cuscinetti a sfera;  Protezione termica;  Guscio in plastica antiurto;  Bassa rumorosit\u00e0, 50dbA a 3m.","og_url":"https:\/\/www.kingstongrowshop.it\/?product=estrattore-centrifugo-vk-250mm-1080-mc-h-cablato","og_site_name":"Kingston Grow Shop","article_modified_time":"2021-01-20T21:20:29+00:00","og_image":[{"width":433,"height":325,"url":"https:\/\/www.kingstongrowshop.it\/wp-content\/uploads\/2019\/12\/vk250.jpg","type":"image\/jpeg"}],"twitter_card":"summary_large_image","schema":{"@context":"https:\/\/schema.org","@graph":[{"@type":"WebPage","@id":"https:\/\/www.kingstongrowshop.it\/?product=estrattore-centrifugo-vk-250mm-1080-mc-h-cablato","url":"https:\/\/www.kingstongrowshop.it\/?product=estrattore-centrifugo-vk-250mm-1080-mc-h-cablato","name":"ESTRATTORE CENTRIFUGO VK 250mm 1080 MC\/H cablato - Kingston Grow Shop","isPartOf":{"@id":"https:\/\/www.kingstongrowshop.it\/#website"},"primaryImageOfPage":{"@id":"https:\/\/www.kingstongrowshop.it\/?product=estrattore-centrifugo-vk-250mm-1080-mc-h-cablato#primaryimage"},"image":{"@id":"https:\/\/www.kingstongrowshop.it\/?product=estrattore-centrifugo-vk-250mm-1080-mc-h-cablato#primaryimage"},"thumbnailUrl":"https:\/\/www.kingstongrowshop.it\/wp-content\/uploads\/2019\/12\/vk250.jpg","datePublished":"2019-12-30T22:03:22+00:00","dateModified":"2021-01-20T21:20:29+00:00","breadcrumb":{"@id":"https:\/\/www.kingstongrowshop.it\/?product=estrattore-centrifugo-vk-250mm-1080-mc-h-cablato#breadcrumb"},"inLanguage":"it-IT","potentialAction":[{"@type":"ReadAction","target":["https:\/\/www.kingstongrowshop.it\/?product=estrattore-centrifugo-vk-250mm-1080-mc-h-cablato"]}]},{"@type":"ImageObject","inLanguage":"it-IT","@id":"https:\/\/www.kingstongrowshop.it\/?product=estrattore-centrifugo-vk-250mm-1080-mc-h-cablato#primaryimage","url":"https:\/\/www.kingstongrowshop.it\/wp-content\/uploads\/2019\/12\/vk250.jpg","contentUrl":"https:\/\/www.kingstongrowshop.it\/wp-content\/uploads\/2019\/12\/vk250.jpg","width":433,"height":325},{"@type":"BreadcrumbList","@id":"https:\/\/www.kingstongrowshop.it\/?product=estrattore-centrifugo-vk-250mm-1080-mc-h-cablato#breadcrumb","itemListElement":[{"@type":"ListItem","position":1,"name":"Home","item":"https:\/\/www.kingstongrowshop.it\/"},{"@type":"ListItem","position":2,"name":"Shop","item":"https:\/\/www.kingstongrowshop.it\/?page_id=3853"},{"@type":"ListItem","position":3,"name":"ESTRATTORE CENTRIFUGO VK 250mm 1080 MC\/H cablato"}]},{"@type":"WebSite","@id":"https:\/\/www.kingstongrowshop.it\/#website","url":"https:\/\/www.kingstongrowshop.it\/","name":"Kingston Grow Shop","description":"Il tuo Grow Shop di Fiducia","potentialAction":[{"@type":"SearchAction","target":{"@type":"EntryPoint","urlTemplate":"https:\/\/www.kingstongrowshop.it\/?s={search_term_string}"},"query-input":{"@type":"PropertyValueSpecification","valueRequired":true,"valueName":"search_term_string"}}],"inLanguage":"it-IT"}]}},"jetpack_sharing_enabled":true,"_links":{"self":[{"href":"https:\/\/www.kingstongrowshop.it\/index.php?rest_route=\/wp\/v2\/product\/7739","targetHints":{"allow":["GET"]}}],"collection":[{"href":"https:\/\/www.kingstongrowshop.it\/index.php?rest_route=\/wp\/v2\/product"}],"about":[{"href":"https:\/\/www.kingstongrowshop.it\/index.php?rest_route=\/wp\/v2\/types\/product"}],"replies":[{"embeddable":true,"href":"https:\/\/www.kingstongrowshop.it\/index.php?rest_route=%2Fwp%2Fv2%2Fcomments&post=7739"}],"wp:featuredmedia":[{"embeddable":true,"href":"https:\/\/www.kingstongrowshop.it\/index.php?rest_route=\/wp\/v2\/media\/7740"}],"wp:attachment":[{"href":"https:\/\/www.kingstongrowshop.it\/index.php?rest_route=%2Fwp%2Fv2%2Fmedia&parent=7739"}],"wp:term":[{"taxonomy":"product_brand","embeddable":true,"href":"https:\/\/www.kingstongrowshop.it\/index.php?rest_route=%2Fwp%2Fv2%2Fproduct_brand&post=7739"},{"taxonomy":"product_cat","embeddable":true,"href":"https:\/\/www.kingstongrowshop.it\/index.php?rest_route=%2Fwp%2Fv2%2Fproduct_cat&post=7739"},{"taxonomy":"product_tag","embeddable":true,"href":"https:\/\/www.kingstongrowshop.it\/index.php?rest_route=%2Fwp%2Fv2%2Fproduct_tag&post=7739"}],"curies":[{"name":"wp","href":"https:\/\/api.w.org\/{rel}","templated":true}]}}