{"id":8370,"date":"2020-04-17T23:42:34","date_gmt":"2020-04-17T21:42:34","guid":{"rendered":"https:\/\/www.kingstongrowshop.it\/?post_type=product&#038;p=8370"},"modified":"2023-09-19T03:11:24","modified_gmt":"2023-09-19T01:11:24","slug":"canna-pk-13-14-fosforo-e-potassio-per-ingrossamento-fiore","status":"publish","type":"product","link":"https:\/\/www.kingstongrowshop.it\/?product=canna-pk-13-14-fosforo-e-potassio-per-ingrossamento-fiore","title":{"rendered":"CANNA PK 13\/14"},"content":{"rendered":"<p>FOSFORO (P)<\/p>\n<p>Il fosforo (P) \u00e8 un macroelemento essenziale per il nutrimento di tutte le piante. Esso gioca un ruolo fondamentale nel metabolismo e nella cessione di energia. Durante la fioritura il fabbisogno di fosforo della pianta \u00e8 maggiore. Questo macroelemento incrementa tra l&#8217;altro la costituzione delle cellule floreali.<\/p>\n<p>POTASSIO (K)<\/p>\n<p>Il potassio (K) \u00e8 presente in tutta la pianta ed \u00e8 necessario per molte delle sue attivit\u00e0. Ad esempio il potassio \u00e8 essenziale per il trasporto dell\u2019acqua e del nutrimento (vasi floematici) ed \u00e8 responsabile per la robustezza e la qualit\u00e0 della pianta. Inoltre il potassio condiziona numerosi altri processi, come la produzione di zuccheri. Durante la fioritura, il potassio permette alla pianta di produrre una quantit\u00e0 sufficiente di zuccheri, condizione essenziale per lo sviluppo del frutto.<\/p>\n<p>Nel corso dello sviluppo della pianta, il fabbisogno di fosforo e potassio pu\u00f2 essere molto elevato.<br \/>\nSomministrando in quel momento il giusto dosaggio di CANNA PK 13\/14 si soddisfa questa maggiore esigenza della pianta in fiore e le infiorescenze raggiungeranno il massimo sviluppo.<br \/>\nLo stimolatore del metabolismo CANNA BOOST agisce rafforzando l\u2019effetto di PK 13\/14.<br \/>\nSi tratta di un abbinamento perfetto, che render\u00e0 la fioritura delle piante ancora pi\u00f9 rigogliosa.<\/p>\n<p>Applicabile a tutti i substrati<\/p>\n<p>PK 13\/14 pu\u00f2 essere usato con tutti i substrati. Ad esempio, PK 13\/14 viene utilizzato nella coltura in terra, con sistemi di ricircolazione, nella coltivazione su cocco e nei sistemi a ciclo aperto (a soluzione persa). PK 13\/14 \u00e8 adatto sia per la coltura in ambienti chiusi che all\u2019aperto.<\/p>\n<p>Istruzioni per l&#8217;uso<\/p>\n<p>Gli elementi nutritivi potassio e fosforo sono indispensabili alle piante che si trovano nel periodo di fioritura.<br \/>\nPK 13-14 \u00e8 una miscela pura di fosforo-potassio di alta qualit\u00e0.<br \/>\nPK 13-14 \u00e8 ottimamente solubile e risulta quindi direttamente assimilabile dalla pianta.<\/p>\n<p>Istruzioni per l\u2019uso<\/p>\n<p>-Agitare bene la bottiglia prima dell\u2019uso<br \/>\n-Aggiungere una sola volta, 3 settimane prima della raccolta, il prodotto PK 13\/14 a un bidone pieno di soluzione nutritiva secondo il seguente dosaggio Mescolare 150 ml del fertilizzante concentrato con 100 litro d\u2019acqua (1:666)<br \/>\n-Somministrare questa miscela per 3 &#8211; 6 giorni assieme al liquido di irrigazione<\/p>\n<p>Altre indicazioni<\/p>\n<p>-Una fertilizzazione esagerata pu\u00f2 danneggiare la qualit\u00e0 del terreno e della pianta<br \/>\n-Conservare in un luogo chiuso e al riparo dal gelo<br \/>\n-Tenere fuori dalla portata dei bambini<\/p>\n<p>Contiene 1L<\/p>\n","protected":false},"excerpt":{"rendered":"<p>Potenziatore del rendimento<\/p>\n<p>PK 13\/14 \u00e8 una pregiata miscela di fosforo e potassio che si somministra alle piante nella fase di fioritura. Entrambi questi elementi rivestono grande importanza nello stadio della fioritura di piante a crescita rapida. CANNA \u00e8 riuscita a mettere a punto uno speciale processo produttivo per l\u2019aggregazione di fosforo e di potassio purissimi in concentrazioni molto elevate. In questo modo PK 13\/14 \u00e8 rapidamente e direttamente disponibile per la pianta.<\/p>\n","protected":false},"featured_media":8371,"comment_status":"open","ping_status":"closed","template":"","meta":[],"product_brand":[],"product_cat":[1019,283,281],"product_tag":[1029],"class_list":{"0":"post-8370","1":"product","2":"type-product","3":"status-publish","4":"has-post-thumbnail","6":"product_cat-canna","7":"product_cat-fertilizzanti","8":"product_cat-fertilizzantiecuradellepiante","9":"product_tag-canna-pk","11":"first","12":"instock","13":"sale","14":"shipping-taxable","15":"purchasable","16":"product-type-variable"},"yoast_head":"<!-- This site is optimized with the Yoast SEO plugin v27.5 - https:\/\/yoast.com\/product\/yoast-seo-wordpress\/ -->\n<title>CANNA PK 13\/14 - Kingston Grow Shop<\/title>\n<meta name=\"robots\" content=\"index, follow, max-snippet:-1, max-image-preview:large, max-video-preview:-1\" \/>\n<link rel=\"canonical\" href=\"https:\/\/www.kingstongrowshop.it\/?product=canna-pk-13-14-fosforo-e-potassio-per-ingrossamento-fiore\" \/>\n<meta property=\"og:locale\" content=\"it_IT\" \/>\n<meta property=\"og:type\" content=\"article\" \/>\n<meta property=\"og:title\" content=\"CANNA PK 13\/14 - Kingston Grow Shop\" \/>\n<meta property=\"og:description\" content=\"Potenziatore del rendimento  PK 13\/14 \u00e8 una pregiata miscela di fosforo e potassio che si somministra alle piante nella fase di fioritura. Entrambi questi elementi rivestono grande importanza nello stadio della fioritura di piante a crescita rapida. CANNA \u00e8 riuscita a mettere a punto uno speciale processo produttivo per l\u2019aggregazione di fosforo e di potassio purissimi in concentrazioni molto elevate. In questo modo PK 13\/14 \u00e8 rapidamente e direttamente disponibile per la pianta.\" \/>\n<meta property=\"og:url\" content=\"https:\/\/www.kingstongrowshop.it\/?product=canna-pk-13-14-fosforo-e-potassio-per-ingrossamento-fiore\" \/>\n<meta property=\"og:site_name\" content=\"Kingston Grow Shop\" \/>\n<meta property=\"article:modified_time\" content=\"2023-09-19T01:11:24+00:00\" \/>\n<meta property=\"og:image\" content=\"https:\/\/www.kingstongrowshop.it\/wp-content\/uploads\/2020\/04\/pkcann.jpg\" \/>\n\t<meta property=\"og:image:width\" content=\"500\" \/>\n\t<meta property=\"og:image:height\" content=\"500\" \/>\n\t<meta property=\"og:image:type\" content=\"image\/jpeg\" \/>\n<meta name=\"twitter:card\" content=\"summary_large_image\" \/>\n<meta name=\"twitter:label1\" content=\"Tempo di lettura stimato\" \/>\n\t<meta name=\"twitter:data1\" content=\"3 minuti\" \/>\n<script type=\"application\/ld+json\" class=\"yoast-schema-graph\">{\"@context\":\"https:\\\/\\\/schema.org\",\"@graph\":[{\"@type\":\"WebPage\",\"@id\":\"https:\\\/\\\/www.kingstongrowshop.it\\\/?product=canna-pk-13-14-fosforo-e-potassio-per-ingrossamento-fiore\",\"url\":\"https:\\\/\\\/www.kingstongrowshop.it\\\/?product=canna-pk-13-14-fosforo-e-potassio-per-ingrossamento-fiore\",\"name\":\"CANNA PK 13\\\/14 - Kingston Grow Shop\",\"isPartOf\":{\"@id\":\"https:\\\/\\\/www.kingstongrowshop.it\\\/#website\"},\"primaryImageOfPage\":{\"@id\":\"https:\\\/\\\/www.kingstongrowshop.it\\\/?product=canna-pk-13-14-fosforo-e-potassio-per-ingrossamento-fiore#primaryimage\"},\"image\":{\"@id\":\"https:\\\/\\\/www.kingstongrowshop.it\\\/?product=canna-pk-13-14-fosforo-e-potassio-per-ingrossamento-fiore#primaryimage\"},\"thumbnailUrl\":\"https:\\\/\\\/www.kingstongrowshop.it\\\/wp-content\\\/uploads\\\/2020\\\/04\\\/pkcann.jpg\",\"datePublished\":\"2020-04-17T21:42:34+00:00\",\"dateModified\":\"2023-09-19T01:11:24+00:00\",\"breadcrumb\":{\"@id\":\"https:\\\/\\\/www.kingstongrowshop.it\\\/?product=canna-pk-13-14-fosforo-e-potassio-per-ingrossamento-fiore#breadcrumb\"},\"inLanguage\":\"it-IT\",\"potentialAction\":[{\"@type\":\"ReadAction\",\"target\":[\"https:\\\/\\\/www.kingstongrowshop.it\\\/?product=canna-pk-13-14-fosforo-e-potassio-per-ingrossamento-fiore\"]}]},{\"@type\":\"ImageObject\",\"inLanguage\":\"it-IT\",\"@id\":\"https:\\\/\\\/www.kingstongrowshop.it\\\/?product=canna-pk-13-14-fosforo-e-potassio-per-ingrossamento-fiore#primaryimage\",\"url\":\"https:\\\/\\\/www.kingstongrowshop.it\\\/wp-content\\\/uploads\\\/2020\\\/04\\\/pkcann.jpg\",\"contentUrl\":\"https:\\\/\\\/www.kingstongrowshop.it\\\/wp-content\\\/uploads\\\/2020\\\/04\\\/pkcann.jpg\",\"width\":500,\"height\":500},{\"@type\":\"BreadcrumbList\",\"@id\":\"https:\\\/\\\/www.kingstongrowshop.it\\\/?product=canna-pk-13-14-fosforo-e-potassio-per-ingrossamento-fiore#breadcrumb\",\"itemListElement\":[{\"@type\":\"ListItem\",\"position\":1,\"name\":\"Home\",\"item\":\"https:\\\/\\\/www.kingstongrowshop.it\\\/\"},{\"@type\":\"ListItem\",\"position\":2,\"name\":\"Shop\",\"item\":\"https:\\\/\\\/www.kingstongrowshop.it\\\/?page_id=3853\"},{\"@type\":\"ListItem\",\"position\":3,\"name\":\"CANNA PK 13\\\/14\"}]},{\"@type\":\"WebSite\",\"@id\":\"https:\\\/\\\/www.kingstongrowshop.it\\\/#website\",\"url\":\"https:\\\/\\\/www.kingstongrowshop.it\\\/\",\"name\":\"Kingston Grow Shop\",\"description\":\"Il tuo Grow Shop di Fiducia\",\"potentialAction\":[{\"@type\":\"SearchAction\",\"target\":{\"@type\":\"EntryPoint\",\"urlTemplate\":\"https:\\\/\\\/www.kingstongrowshop.it\\\/?s={search_term_string}\"},\"query-input\":{\"@type\":\"PropertyValueSpecification\",\"valueRequired\":true,\"valueName\":\"search_term_string\"}}],\"inLanguage\":\"it-IT\"}]}<\/script>\n<!-- \/ Yoast SEO plugin. -->","yoast_head_json":{"title":"CANNA PK 13\/14 - Kingston Grow Shop","robots":{"index":"index","follow":"follow","max-snippet":"max-snippet:-1","max-image-preview":"max-image-preview:large","max-video-preview":"max-video-preview:-1"},"canonical":"https:\/\/www.kingstongrowshop.it\/?product=canna-pk-13-14-fosforo-e-potassio-per-ingrossamento-fiore","og_locale":"it_IT","og_type":"article","og_title":"CANNA PK 13\/14 - Kingston Grow Shop","og_description":"Potenziatore del rendimento  PK 13\/14 \u00e8 una pregiata miscela di fosforo e potassio che si somministra alle piante nella fase di fioritura. Entrambi questi elementi rivestono grande importanza nello stadio della fioritura di piante a crescita rapida. CANNA \u00e8 riuscita a mettere a punto uno speciale processo produttivo per l\u2019aggregazione di fosforo e di potassio purissimi in concentrazioni molto elevate. In questo modo PK 13\/14 \u00e8 rapidamente e direttamente disponibile per la pianta.","og_url":"https:\/\/www.kingstongrowshop.it\/?product=canna-pk-13-14-fosforo-e-potassio-per-ingrossamento-fiore","og_site_name":"Kingston Grow Shop","article_modified_time":"2023-09-19T01:11:24+00:00","og_image":[{"width":500,"height":500,"url":"https:\/\/www.kingstongrowshop.it\/wp-content\/uploads\/2020\/04\/pkcann.jpg","type":"image\/jpeg"}],"twitter_card":"summary_large_image","twitter_misc":{"Tempo di lettura stimato":"3 minuti"},"schema":{"@context":"https:\/\/schema.org","@graph":[{"@type":"WebPage","@id":"https:\/\/www.kingstongrowshop.it\/?product=canna-pk-13-14-fosforo-e-potassio-per-ingrossamento-fiore","url":"https:\/\/www.kingstongrowshop.it\/?product=canna-pk-13-14-fosforo-e-potassio-per-ingrossamento-fiore","name":"CANNA PK 13\/14 - Kingston Grow Shop","isPartOf":{"@id":"https:\/\/www.kingstongrowshop.it\/#website"},"primaryImageOfPage":{"@id":"https:\/\/www.kingstongrowshop.it\/?product=canna-pk-13-14-fosforo-e-potassio-per-ingrossamento-fiore#primaryimage"},"image":{"@id":"https:\/\/www.kingstongrowshop.it\/?product=canna-pk-13-14-fosforo-e-potassio-per-ingrossamento-fiore#primaryimage"},"thumbnailUrl":"https:\/\/www.kingstongrowshop.it\/wp-content\/uploads\/2020\/04\/pkcann.jpg","datePublished":"2020-04-17T21:42:34+00:00","dateModified":"2023-09-19T01:11:24+00:00","breadcrumb":{"@id":"https:\/\/www.kingstongrowshop.it\/?product=canna-pk-13-14-fosforo-e-potassio-per-ingrossamento-fiore#breadcrumb"},"inLanguage":"it-IT","potentialAction":[{"@type":"ReadAction","target":["https:\/\/www.kingstongrowshop.it\/?product=canna-pk-13-14-fosforo-e-potassio-per-ingrossamento-fiore"]}]},{"@type":"ImageObject","inLanguage":"it-IT","@id":"https:\/\/www.kingstongrowshop.it\/?product=canna-pk-13-14-fosforo-e-potassio-per-ingrossamento-fiore#primaryimage","url":"https:\/\/www.kingstongrowshop.it\/wp-content\/uploads\/2020\/04\/pkcann.jpg","contentUrl":"https:\/\/www.kingstongrowshop.it\/wp-content\/uploads\/2020\/04\/pkcann.jpg","width":500,"height":500},{"@type":"BreadcrumbList","@id":"https:\/\/www.kingstongrowshop.it\/?product=canna-pk-13-14-fosforo-e-potassio-per-ingrossamento-fiore#breadcrumb","itemListElement":[{"@type":"ListItem","position":1,"name":"Home","item":"https:\/\/www.kingstongrowshop.it\/"},{"@type":"ListItem","position":2,"name":"Shop","item":"https:\/\/www.kingstongrowshop.it\/?page_id=3853"},{"@type":"ListItem","position":3,"name":"CANNA PK 13\/14"}]},{"@type":"WebSite","@id":"https:\/\/www.kingstongrowshop.it\/#website","url":"https:\/\/www.kingstongrowshop.it\/","name":"Kingston Grow Shop","description":"Il tuo Grow Shop di Fiducia","potentialAction":[{"@type":"SearchAction","target":{"@type":"EntryPoint","urlTemplate":"https:\/\/www.kingstongrowshop.it\/?s={search_term_string}"},"query-input":{"@type":"PropertyValueSpecification","valueRequired":true,"valueName":"search_term_string"}}],"inLanguage":"it-IT"}]}},"jetpack_sharing_enabled":true,"_links":{"self":[{"href":"https:\/\/www.kingstongrowshop.it\/index.php?rest_route=\/wp\/v2\/product\/8370","targetHints":{"allow":["GET"]}}],"collection":[{"href":"https:\/\/www.kingstongrowshop.it\/index.php?rest_route=\/wp\/v2\/product"}],"about":[{"href":"https:\/\/www.kingstongrowshop.it\/index.php?rest_route=\/wp\/v2\/types\/product"}],"replies":[{"embeddable":true,"href":"https:\/\/www.kingstongrowshop.it\/index.php?rest_route=%2Fwp%2Fv2%2Fcomments&post=8370"}],"wp:featuredmedia":[{"embeddable":true,"href":"https:\/\/www.kingstongrowshop.it\/index.php?rest_route=\/wp\/v2\/media\/8371"}],"wp:attachment":[{"href":"https:\/\/www.kingstongrowshop.it\/index.php?rest_route=%2Fwp%2Fv2%2Fmedia&parent=8370"}],"wp:term":[{"taxonomy":"product_brand","embeddable":true,"href":"https:\/\/www.kingstongrowshop.it\/index.php?rest_route=%2Fwp%2Fv2%2Fproduct_brand&post=8370"},{"taxonomy":"product_cat","embeddable":true,"href":"https:\/\/www.kingstongrowshop.it\/index.php?rest_route=%2Fwp%2Fv2%2Fproduct_cat&post=8370"},{"taxonomy":"product_tag","embeddable":true,"href":"https:\/\/www.kingstongrowshop.it\/index.php?rest_route=%2Fwp%2Fv2%2Fproduct_tag&post=8370"}],"curies":[{"name":"wp","href":"https:\/\/api.w.org\/{rel}","templated":true}]}}