{"id":8384,"date":"2020-04-18T00:23:22","date_gmt":"2020-04-17T22:23:22","guid":{"rendered":"https:\/\/www.kingstongrowshop.it\/?post_type=product&#038;p=8384"},"modified":"2024-02-21T10:29:32","modified_gmt":"2024-02-21T09:29:32","slug":"canna-terra-vega","status":"publish","type":"product","link":"https:\/\/www.kingstongrowshop.it\/?product=canna-terra-vega","title":{"rendered":"CANNA TERRA VEGA"},"content":{"rendered":"<p>Istruzioni per l&#8217;uso<\/p>\n<p>Vega Terra \u00e8 un fertilizzante professionale ad effetto rapido per piante a crescita veloce, e contiene tutte le sostanze nutritive necessarie per una crescita ottimale. Terra Vega consente di ottenere piante sane vitali e robuste con grandi germogli verdi. Terra Vega \u00e8 di facile uso, si scioglie immediatamente e \u00e8 inoltre estremamente indicato per sistemi di irrigazione automatici Terra Vega pu\u00f2 essere utilizzato per la coltivazione esterna e interna.<\/p>\n<p>-Agitare bene la bottiglia prima dell\u2019uso<br \/>\n-Riempire la cisterna del nutrimento con acqua<br \/>\n-Mescolare 500 ml del fertilizzante concentrato con 100 litro d\u2019acqua (1:200)<br \/>\n-EC di Terra Vega diluito in acqua (di rubinetto) pu\u00f2 variare tra 0.9 &#8211; 1.6 mS (= EC di concentrato + EC di acqua)<br \/>\n-Valore pH consigliato: 5.8 &#8211; 6.2<br \/>\n-In situazioni di coltivazione intensiva nutrire le piante regolarmente con questa soluzione<br \/>\n-Per terreni poco fertili, aggiungere giornalmente<br \/>\nall\u2019acqua per l\u2019innaffio<br \/>\n-Per terreni fertili, aggiungere all\u2019acqua per l\u2019innaffio 1 \u00e0 3 volte alla settimana<br \/>\n-Utilizzare un terreno arioso e calcareo, come CANNA Terra Professional (Plus) e innaffi are con acqua ogni giorno secondo le esigenze<\/p>\n<p>Altre indicazioni<\/p>\n<p>-Per la fase di fioritura della pianta Canna ha ideato un altro fertilizzante, Terra Flores<br \/>\n-Conservare in un luogo chiuso e al riparo dal gelo (I raggi ultravioletti scompongono i chelati presenti nel nutrimento)<br \/>\n-Tenere lontano dalla portata dei bambini<\/p>\n<p>Certificazioni \/ Garanzie<\/p>\n<p>Canna utilizza esclusivamente sostanze nutrienti e chelati puri e di alta qualit\u00e0 assimilabili direttamente e totalmente dalla pianta.Il fl acone di dosaggio \u00e8 di polietilene 100% (PVC, senza cadmio), una plastica di facile biodegradabilit\u00e0 e anche riciclabile.<\/p>\n","protected":false},"excerpt":{"rendered":"<p>Terra Vega<\/p>\n<p>Terra Vega (3 &#8211; 1 &#8211; 4 + microelementi in tracce): fertilizzante per coltivazione in terra indispensabile per ottenere un completo sviluppo vegetativo. Grazie all&#8217;elevata concentrazione con 1 litro di Terra VEGA potete preparare circa 250 litri di soluzione nutritiva. Ideale per il sostentamento di madri e talee.<\/p>\n<p>Germogli vitali e uno sviluppo radicale capillare sono segni caratteristici di una crescita sana e rigogliosa e sono quindi una base indispensabile per ottenere alte rese produttive. Terra Vega \u00e8 stato creato per soddisfare le necessit\u00e0 della pianta durante la fase di crescita.<\/p>\n<p>Terra Vega garantisce fin dall\u2019inizio della coltivazione l\u2019assorbimento totale del nutri-mento e dell\u2019acqua perch\u00e9 \u00e8 ricco di legami azotati direttamente assimilabili, chelati di ferro EDDHA e oligo elementi di qualit\u00e0 superiore. Terra Vega pu\u00f2 es-sere utilizzato con diversi tipi di terreno come terricci preconcimati e terreni gi\u00e0 utilizzati o privi di sostanze nutritive<\/p>\n","protected":false},"featured_media":8388,"comment_status":"open","ping_status":"closed","template":"","meta":[],"product_brand":[],"product_cat":[1019,283,281],"product_tag":[1033],"class_list":{"0":"post-8384","1":"product","2":"type-product","3":"status-publish","4":"has-post-thumbnail","6":"product_cat-canna","7":"product_cat-fertilizzanti","8":"product_cat-fertilizzantiecuradellepiante","9":"product_tag-canna-terra-vega","11":"first","12":"instock","13":"shipping-taxable","14":"purchasable","15":"product-type-variable"},"yoast_head":"<!-- This site is optimized with the Yoast SEO plugin v27.5 - https:\/\/yoast.com\/product\/yoast-seo-wordpress\/ -->\n<title>CANNA TERRA VEGA - Kingston Grow Shop<\/title>\n<meta name=\"robots\" content=\"index, follow, max-snippet:-1, max-image-preview:large, max-video-preview:-1\" \/>\n<link rel=\"canonical\" href=\"https:\/\/www.kingstongrowshop.it\/?product=canna-terra-vega\" \/>\n<meta property=\"og:locale\" content=\"it_IT\" \/>\n<meta property=\"og:type\" content=\"article\" \/>\n<meta property=\"og:title\" content=\"CANNA TERRA VEGA - Kingston Grow Shop\" \/>\n<meta property=\"og:description\" content=\"Terra Vega  Terra Vega (3 - 1 - 4 + microelementi in tracce): fertilizzante per coltivazione in terra indispensabile per ottenere un completo sviluppo vegetativo. Grazie all&#039;elevata concentrazione con 1 litro di Terra VEGA potete preparare circa 250 litri di soluzione nutritiva. Ideale per il sostentamento di madri e talee.  Germogli vitali e uno sviluppo radicale capillare sono segni caratteristici di una crescita sana e rigogliosa e sono quindi una base indispensabile per ottenere alte rese produttive. Terra Vega \u00e8 stato creato per soddisfare le necessit\u00e0 della pianta durante la fase di crescita.  Terra Vega garantisce fin dall\u2019inizio della coltivazione l\u2019assorbimento totale del nutri-mento e dell\u2019acqua perch\u00e9 \u00e8 ricco di legami azotati direttamente assimilabili, chelati di ferro EDDHA e oligo elementi di qualit\u00e0 superiore. Terra Vega pu\u00f2 es-sere utilizzato con diversi tipi di terreno come terricci preconcimati e terreni gi\u00e0 utilizzati o privi di sostanze nutritive\" \/>\n<meta property=\"og:url\" content=\"https:\/\/www.kingstongrowshop.it\/?product=canna-terra-vega\" \/>\n<meta property=\"og:site_name\" content=\"Kingston Grow Shop\" \/>\n<meta property=\"article:modified_time\" content=\"2024-02-21T09:29:32+00:00\" \/>\n<meta property=\"og:image\" content=\"https:\/\/www.kingstongrowshop.it\/wp-content\/uploads\/2020\/04\/vega.jpg\" \/>\n\t<meta property=\"og:image:width\" content=\"500\" \/>\n\t<meta property=\"og:image:height\" content=\"500\" \/>\n\t<meta property=\"og:image:type\" content=\"image\/jpeg\" \/>\n<meta name=\"twitter:card\" content=\"summary_large_image\" \/>\n<meta name=\"twitter:label1\" content=\"Tempo di lettura stimato\" \/>\n\t<meta name=\"twitter:data1\" content=\"1 minuto\" \/>\n<script type=\"application\/ld+json\" class=\"yoast-schema-graph\">{\"@context\":\"https:\\\/\\\/schema.org\",\"@graph\":[{\"@type\":\"WebPage\",\"@id\":\"https:\\\/\\\/www.kingstongrowshop.it\\\/?product=canna-terra-vega\",\"url\":\"https:\\\/\\\/www.kingstongrowshop.it\\\/?product=canna-terra-vega\",\"name\":\"CANNA TERRA VEGA - Kingston Grow Shop\",\"isPartOf\":{\"@id\":\"https:\\\/\\\/www.kingstongrowshop.it\\\/#website\"},\"primaryImageOfPage\":{\"@id\":\"https:\\\/\\\/www.kingstongrowshop.it\\\/?product=canna-terra-vega#primaryimage\"},\"image\":{\"@id\":\"https:\\\/\\\/www.kingstongrowshop.it\\\/?product=canna-terra-vega#primaryimage\"},\"thumbnailUrl\":\"https:\\\/\\\/www.kingstongrowshop.it\\\/wp-content\\\/uploads\\\/2020\\\/04\\\/vega.jpg\",\"datePublished\":\"2020-04-17T22:23:22+00:00\",\"dateModified\":\"2024-02-21T09:29:32+00:00\",\"breadcrumb\":{\"@id\":\"https:\\\/\\\/www.kingstongrowshop.it\\\/?product=canna-terra-vega#breadcrumb\"},\"inLanguage\":\"it-IT\",\"potentialAction\":[{\"@type\":\"ReadAction\",\"target\":[\"https:\\\/\\\/www.kingstongrowshop.it\\\/?product=canna-terra-vega\"]}]},{\"@type\":\"ImageObject\",\"inLanguage\":\"it-IT\",\"@id\":\"https:\\\/\\\/www.kingstongrowshop.it\\\/?product=canna-terra-vega#primaryimage\",\"url\":\"https:\\\/\\\/www.kingstongrowshop.it\\\/wp-content\\\/uploads\\\/2020\\\/04\\\/vega.jpg\",\"contentUrl\":\"https:\\\/\\\/www.kingstongrowshop.it\\\/wp-content\\\/uploads\\\/2020\\\/04\\\/vega.jpg\",\"width\":500,\"height\":500},{\"@type\":\"BreadcrumbList\",\"@id\":\"https:\\\/\\\/www.kingstongrowshop.it\\\/?product=canna-terra-vega#breadcrumb\",\"itemListElement\":[{\"@type\":\"ListItem\",\"position\":1,\"name\":\"Home\",\"item\":\"https:\\\/\\\/www.kingstongrowshop.it\\\/\"},{\"@type\":\"ListItem\",\"position\":2,\"name\":\"Shop\",\"item\":\"https:\\\/\\\/www.kingstongrowshop.it\\\/?page_id=3853\"},{\"@type\":\"ListItem\",\"position\":3,\"name\":\"CANNA TERRA VEGA\"}]},{\"@type\":\"WebSite\",\"@id\":\"https:\\\/\\\/www.kingstongrowshop.it\\\/#website\",\"url\":\"https:\\\/\\\/www.kingstongrowshop.it\\\/\",\"name\":\"Kingston Grow Shop\",\"description\":\"Il tuo Grow Shop di Fiducia\",\"potentialAction\":[{\"@type\":\"SearchAction\",\"target\":{\"@type\":\"EntryPoint\",\"urlTemplate\":\"https:\\\/\\\/www.kingstongrowshop.it\\\/?s={search_term_string}\"},\"query-input\":{\"@type\":\"PropertyValueSpecification\",\"valueRequired\":true,\"valueName\":\"search_term_string\"}}],\"inLanguage\":\"it-IT\"}]}<\/script>\n<!-- \/ Yoast SEO plugin. -->","yoast_head_json":{"title":"CANNA TERRA VEGA - Kingston Grow Shop","robots":{"index":"index","follow":"follow","max-snippet":"max-snippet:-1","max-image-preview":"max-image-preview:large","max-video-preview":"max-video-preview:-1"},"canonical":"https:\/\/www.kingstongrowshop.it\/?product=canna-terra-vega","og_locale":"it_IT","og_type":"article","og_title":"CANNA TERRA VEGA - Kingston Grow Shop","og_description":"Terra Vega  Terra Vega (3 - 1 - 4 + microelementi in tracce): fertilizzante per coltivazione in terra indispensabile per ottenere un completo sviluppo vegetativo. Grazie all'elevata concentrazione con 1 litro di Terra VEGA potete preparare circa 250 litri di soluzione nutritiva. Ideale per il sostentamento di madri e talee.  Germogli vitali e uno sviluppo radicale capillare sono segni caratteristici di una crescita sana e rigogliosa e sono quindi una base indispensabile per ottenere alte rese produttive. Terra Vega \u00e8 stato creato per soddisfare le necessit\u00e0 della pianta durante la fase di crescita.  Terra Vega garantisce fin dall\u2019inizio della coltivazione l\u2019assorbimento totale del nutri-mento e dell\u2019acqua perch\u00e9 \u00e8 ricco di legami azotati direttamente assimilabili, chelati di ferro EDDHA e oligo elementi di qualit\u00e0 superiore. Terra Vega pu\u00f2 es-sere utilizzato con diversi tipi di terreno come terricci preconcimati e terreni gi\u00e0 utilizzati o privi di sostanze nutritive","og_url":"https:\/\/www.kingstongrowshop.it\/?product=canna-terra-vega","og_site_name":"Kingston Grow Shop","article_modified_time":"2024-02-21T09:29:32+00:00","og_image":[{"width":500,"height":500,"url":"https:\/\/www.kingstongrowshop.it\/wp-content\/uploads\/2020\/04\/vega.jpg","type":"image\/jpeg"}],"twitter_card":"summary_large_image","twitter_misc":{"Tempo di lettura stimato":"1 minuto"},"schema":{"@context":"https:\/\/schema.org","@graph":[{"@type":"WebPage","@id":"https:\/\/www.kingstongrowshop.it\/?product=canna-terra-vega","url":"https:\/\/www.kingstongrowshop.it\/?product=canna-terra-vega","name":"CANNA TERRA VEGA - Kingston Grow Shop","isPartOf":{"@id":"https:\/\/www.kingstongrowshop.it\/#website"},"primaryImageOfPage":{"@id":"https:\/\/www.kingstongrowshop.it\/?product=canna-terra-vega#primaryimage"},"image":{"@id":"https:\/\/www.kingstongrowshop.it\/?product=canna-terra-vega#primaryimage"},"thumbnailUrl":"https:\/\/www.kingstongrowshop.it\/wp-content\/uploads\/2020\/04\/vega.jpg","datePublished":"2020-04-17T22:23:22+00:00","dateModified":"2024-02-21T09:29:32+00:00","breadcrumb":{"@id":"https:\/\/www.kingstongrowshop.it\/?product=canna-terra-vega#breadcrumb"},"inLanguage":"it-IT","potentialAction":[{"@type":"ReadAction","target":["https:\/\/www.kingstongrowshop.it\/?product=canna-terra-vega"]}]},{"@type":"ImageObject","inLanguage":"it-IT","@id":"https:\/\/www.kingstongrowshop.it\/?product=canna-terra-vega#primaryimage","url":"https:\/\/www.kingstongrowshop.it\/wp-content\/uploads\/2020\/04\/vega.jpg","contentUrl":"https:\/\/www.kingstongrowshop.it\/wp-content\/uploads\/2020\/04\/vega.jpg","width":500,"height":500},{"@type":"BreadcrumbList","@id":"https:\/\/www.kingstongrowshop.it\/?product=canna-terra-vega#breadcrumb","itemListElement":[{"@type":"ListItem","position":1,"name":"Home","item":"https:\/\/www.kingstongrowshop.it\/"},{"@type":"ListItem","position":2,"name":"Shop","item":"https:\/\/www.kingstongrowshop.it\/?page_id=3853"},{"@type":"ListItem","position":3,"name":"CANNA TERRA VEGA"}]},{"@type":"WebSite","@id":"https:\/\/www.kingstongrowshop.it\/#website","url":"https:\/\/www.kingstongrowshop.it\/","name":"Kingston Grow Shop","description":"Il tuo Grow Shop di Fiducia","potentialAction":[{"@type":"SearchAction","target":{"@type":"EntryPoint","urlTemplate":"https:\/\/www.kingstongrowshop.it\/?s={search_term_string}"},"query-input":{"@type":"PropertyValueSpecification","valueRequired":true,"valueName":"search_term_string"}}],"inLanguage":"it-IT"}]}},"jetpack_sharing_enabled":true,"_links":{"self":[{"href":"https:\/\/www.kingstongrowshop.it\/index.php?rest_route=\/wp\/v2\/product\/8384","targetHints":{"allow":["GET"]}}],"collection":[{"href":"https:\/\/www.kingstongrowshop.it\/index.php?rest_route=\/wp\/v2\/product"}],"about":[{"href":"https:\/\/www.kingstongrowshop.it\/index.php?rest_route=\/wp\/v2\/types\/product"}],"replies":[{"embeddable":true,"href":"https:\/\/www.kingstongrowshop.it\/index.php?rest_route=%2Fwp%2Fv2%2Fcomments&post=8384"}],"wp:featuredmedia":[{"embeddable":true,"href":"https:\/\/www.kingstongrowshop.it\/index.php?rest_route=\/wp\/v2\/media\/8388"}],"wp:attachment":[{"href":"https:\/\/www.kingstongrowshop.it\/index.php?rest_route=%2Fwp%2Fv2%2Fmedia&parent=8384"}],"wp:term":[{"taxonomy":"product_brand","embeddable":true,"href":"https:\/\/www.kingstongrowshop.it\/index.php?rest_route=%2Fwp%2Fv2%2Fproduct_brand&post=8384"},{"taxonomy":"product_cat","embeddable":true,"href":"https:\/\/www.kingstongrowshop.it\/index.php?rest_route=%2Fwp%2Fv2%2Fproduct_cat&post=8384"},{"taxonomy":"product_tag","embeddable":true,"href":"https:\/\/www.kingstongrowshop.it\/index.php?rest_route=%2Fwp%2Fv2%2Fproduct_tag&post=8384"}],"curies":[{"name":"wp","href":"https:\/\/api.w.org\/{rel}","templated":true}]}}