{"id":8389,"date":"2020-04-18T00:37:32","date_gmt":"2020-04-17T22:37:32","guid":{"rendered":"https:\/\/www.kingstongrowshop.it\/?post_type=product&#038;p=8389"},"modified":"2025-02-06T11:28:41","modified_gmt":"2025-02-06T10:28:41","slug":"cannazym-enzimi","status":"publish","type":"product","link":"https:\/\/www.kingstongrowshop.it\/?product=cannazym-enzimi","title":{"rendered":"CANNAZYM ENZIMI"},"content":{"rendered":"<p>CANNAZYM<\/p>\n<p>Le piante a crescita rapida producono continuamente nuove cellule radicali. In ogni organismo radicale ben funzionante \u00e8 possibile trovare la presenza di radici morte. Le cellule radicali morte rappresentano una risorsa ideale per gli agenti patogeni che instaurandosi e riproducendosi possono creare muffe dannose che andranno ad intaccare le radici sane.<\/p>\n<p>Come funziona CANNAZYM?<\/p>\n<p>CANNAZYM \u00e8 un preparato enzimatico di altissima qualit\u00e0. Contiene oltre dodici diversi enzimi ed \u00e8 arricchito da vitamine ed estratti di piante desertiche.<br \/>\nCANNAZYM accelera la decomposizione della necromassa radicale e attiva le funzioni biologiche dei microrganismi. CANNAZYM, inoltre, migliora l&#8217;assimilazione delle sostanze nutritive aumentando al contempo la resistenza contro gli agenti patogeni.<\/p>\n<p>CANNAZYM assicura che la necromassa radicale (emi)cellulosa venga trasformata in minerali e zuccheri. Zuccheri e minerali rappresentano una buona base per la creazione di una rizosfera sana e fungono da fonte di nutrimento per le piante. Al contempo, una rapida decomposizione dei residui radicali garantisce una buona economia idrica e aerea all\u2019interno della rizosfera. Inoltre, si riduce notevolmente la degenerazione e quindi anche il rischio di infezione da parte di muffe patogene.<\/p>\n<p>Salute extra<\/p>\n<p>Al prodotto Cannazym sono state aggiunte alcune vitamine ben assimilabili che stimolano la pianta a formare nuove radici. Si tratta di vitamine che favoriscono la crescita di giovani gemme. Proprio in corrispondenza di queste gemme vengono assimilati elementi importanti come calcio, magnesio e ferro. CANNAZYM rafforza il sistema di difesa delle piante a crescita rapida attraverso l\u2019aggiunta di un estratto di piante desertiche. Attivando il sistema di difesa della pianta se ne migliora la protezione da agenti patogeni. Le piante sono in grado di reagire rapidamente a un attacco imminente prevenendo il danno o eventualmente contenendolo.<\/p>\n<p>Quanto fin qui descritto spiega, inoltre, perch\u00e9 CANNAZYM \u00e8 un prodotto indispensabile nel caso di riutilizzo dei substrati: i resti radicali si decompongono rapidamente e si trasformano in sostanze nutritive utili, si combattono le infezioni e nella rizosfera si stabilisce una migliore economia idrica e aerea.<\/p>\n<p>Nota: non utilizzare CANNAZYM insieme a prodotti contenenti perossido di idrogeno.<\/p>\n<p>CANNAZYM Istruzioni per l\u2019uso<\/p>\n<p>CANNAZYM contiene pi\u00f9 di 15 enzimi diversi Il prodotto CANNAZYM \u00e8 arricchito di vitamine specifiche ed estratti di piante desertiche CANNAZYM accelera la demolizione di materiale di radici morte, attiva le funzioni biologiche dei microrganismi, migliora l\u2019assimilazione delle sostanze nutritive aumentando la resistenza contro gli agenti atogeni.<\/p>\n<p>Istruzioni per l\u2019uso<\/p>\n<p>-Agitare bene la bottiglia prima dell\u2019uso<br \/>\n-Mescolare 250 ml del fertilizzante concentrato con 100 litro d\u2019acqua (1:400)<br \/>\n-Aggiungere almeno 1 volta alla settimana, preferibilmente in modo continuo, alla soluzione nutritiva<br \/>\n-In caso di utilizzo di natte pi\u00f9 vecchie (non trattate), sar\u00e0 necessario raddoppiare il dosaggio per un periodo di un mese<br \/>\n-In caso di riutilizzo di natte precedentemente trattate sar\u00e0 necessario raddoppiare il dosaggio durante 1-2 settimane<br \/>\n-Non preparare mai una quantit\u00e0 di nutrimento maggiore di quanto si utilizza in 10 giorni<br \/>\n-Non somministrare mai assieme a prodotti contenenti perossido di idrogeno (H2O2)<\/p>\n<p>Certificazioni \/ Garanzie<\/p>\n<p>Il flacone di dosaggio \u00e8 di polietilene 100% (PVC, senza cadmio), una plastica di facile biodegradabilit\u00e0 e anche riciclabile<\/p>\n","protected":false},"excerpt":{"rendered":"<p>Cannazym<\/p>\n<p>CANNAZYM \u00e9 un prodotto olandese di alta qualit\u00e0.<br \/>\nCANNAZYM contiene enzimi che aiutano a mantenere una sana rizosfera ed inoltre:<\/p>\n<p>-Aumenta la resistenza<br \/>\n-Facile da utilizzare<br \/>\n-Oltre dodici enzimi attivi<br \/>\n-Stimola la decomposizione del materiale di radici vecchie o morte<br \/>\n-Direttamente assimilabile<br \/>\n-Assenza di residui nocivi<br \/>\n-Ecologico<br \/>\n-Adatto a qualsiasi tipo di substrato<br \/>\n-Estremamente adatto per il riutilizzo dei substrati<\/p>\n<p>La soluzione ideale per la crescita e la fioritura.<\/p>\n","protected":false},"featured_media":8392,"comment_status":"open","ping_status":"closed","template":"","meta":[],"product_brand":[],"product_cat":[1019,283,281],"product_tag":[1034,540],"class_list":{"0":"post-8389","1":"product","2":"type-product","3":"status-publish","4":"has-post-thumbnail","6":"product_cat-canna","7":"product_cat-fertilizzanti","8":"product_cat-fertilizzantiecuradellepiante","9":"product_tag-cannazym","10":"product_tag-enzimi","12":"first","13":"instock","14":"shipping-taxable","15":"purchasable","16":"product-type-variable"},"yoast_head":"<!-- This site is optimized with the Yoast SEO plugin v27.5 - https:\/\/yoast.com\/product\/yoast-seo-wordpress\/ -->\n<title>CANNAZYM ENZIMI - Kingston Grow Shop<\/title>\n<meta name=\"robots\" content=\"index, follow, max-snippet:-1, max-image-preview:large, max-video-preview:-1\" \/>\n<link rel=\"canonical\" href=\"https:\/\/www.kingstongrowshop.it\/?product=cannazym-enzimi\" \/>\n<meta property=\"og:locale\" content=\"it_IT\" \/>\n<meta property=\"og:type\" content=\"article\" \/>\n<meta property=\"og:title\" content=\"CANNAZYM ENZIMI - Kingston Grow Shop\" \/>\n<meta property=\"og:description\" content=\"Cannazym  CANNAZYM \u00e9 un prodotto olandese di alta qualit\u00e0. CANNAZYM contiene enzimi che aiutano a mantenere una sana rizosfera ed inoltre:  -Aumenta la resistenza -Facile da utilizzare -Oltre dodici enzimi attivi -Stimola la decomposizione del materiale di radici vecchie o morte -Direttamente assimilabile -Assenza di residui nocivi -Ecologico -Adatto a qualsiasi tipo di substrato -Estremamente adatto per il riutilizzo dei substrati  La soluzione ideale per la crescita e la fioritura.\" \/>\n<meta property=\"og:url\" content=\"https:\/\/www.kingstongrowshop.it\/?product=cannazym-enzimi\" \/>\n<meta property=\"og:site_name\" content=\"Kingston Grow Shop\" \/>\n<meta property=\"article:modified_time\" content=\"2025-02-06T10:28:41+00:00\" \/>\n<meta property=\"og:image\" content=\"https:\/\/www.kingstongrowshop.it\/wp-content\/uploads\/2020\/04\/zym.jpg\" \/>\n\t<meta property=\"og:image:width\" content=\"500\" \/>\n\t<meta property=\"og:image:height\" content=\"500\" \/>\n\t<meta property=\"og:image:type\" content=\"image\/jpeg\" \/>\n<meta name=\"twitter:card\" content=\"summary_large_image\" \/>\n<meta name=\"twitter:label1\" content=\"Tempo di lettura stimato\" \/>\n\t<meta name=\"twitter:data1\" content=\"2 minuti\" \/>\n<script type=\"application\/ld+json\" class=\"yoast-schema-graph\">{\"@context\":\"https:\\\/\\\/schema.org\",\"@graph\":[{\"@type\":\"WebPage\",\"@id\":\"https:\\\/\\\/www.kingstongrowshop.it\\\/?product=cannazym-enzimi\",\"url\":\"https:\\\/\\\/www.kingstongrowshop.it\\\/?product=cannazym-enzimi\",\"name\":\"CANNAZYM ENZIMI - Kingston Grow Shop\",\"isPartOf\":{\"@id\":\"https:\\\/\\\/www.kingstongrowshop.it\\\/#website\"},\"primaryImageOfPage\":{\"@id\":\"https:\\\/\\\/www.kingstongrowshop.it\\\/?product=cannazym-enzimi#primaryimage\"},\"image\":{\"@id\":\"https:\\\/\\\/www.kingstongrowshop.it\\\/?product=cannazym-enzimi#primaryimage\"},\"thumbnailUrl\":\"https:\\\/\\\/www.kingstongrowshop.it\\\/wp-content\\\/uploads\\\/2020\\\/04\\\/zym.jpg\",\"datePublished\":\"2020-04-17T22:37:32+00:00\",\"dateModified\":\"2025-02-06T10:28:41+00:00\",\"breadcrumb\":{\"@id\":\"https:\\\/\\\/www.kingstongrowshop.it\\\/?product=cannazym-enzimi#breadcrumb\"},\"inLanguage\":\"it-IT\",\"potentialAction\":[{\"@type\":\"ReadAction\",\"target\":[\"https:\\\/\\\/www.kingstongrowshop.it\\\/?product=cannazym-enzimi\"]}]},{\"@type\":\"ImageObject\",\"inLanguage\":\"it-IT\",\"@id\":\"https:\\\/\\\/www.kingstongrowshop.it\\\/?product=cannazym-enzimi#primaryimage\",\"url\":\"https:\\\/\\\/www.kingstongrowshop.it\\\/wp-content\\\/uploads\\\/2020\\\/04\\\/zym.jpg\",\"contentUrl\":\"https:\\\/\\\/www.kingstongrowshop.it\\\/wp-content\\\/uploads\\\/2020\\\/04\\\/zym.jpg\",\"width\":500,\"height\":500},{\"@type\":\"BreadcrumbList\",\"@id\":\"https:\\\/\\\/www.kingstongrowshop.it\\\/?product=cannazym-enzimi#breadcrumb\",\"itemListElement\":[{\"@type\":\"ListItem\",\"position\":1,\"name\":\"Home\",\"item\":\"https:\\\/\\\/www.kingstongrowshop.it\\\/\"},{\"@type\":\"ListItem\",\"position\":2,\"name\":\"Shop\",\"item\":\"https:\\\/\\\/www.kingstongrowshop.it\\\/?page_id=3853\"},{\"@type\":\"ListItem\",\"position\":3,\"name\":\"CANNAZYM ENZIMI\"}]},{\"@type\":\"WebSite\",\"@id\":\"https:\\\/\\\/www.kingstongrowshop.it\\\/#website\",\"url\":\"https:\\\/\\\/www.kingstongrowshop.it\\\/\",\"name\":\"Kingston Grow Shop\",\"description\":\"Il tuo Grow Shop di Fiducia\",\"potentialAction\":[{\"@type\":\"SearchAction\",\"target\":{\"@type\":\"EntryPoint\",\"urlTemplate\":\"https:\\\/\\\/www.kingstongrowshop.it\\\/?s={search_term_string}\"},\"query-input\":{\"@type\":\"PropertyValueSpecification\",\"valueRequired\":true,\"valueName\":\"search_term_string\"}}],\"inLanguage\":\"it-IT\"}]}<\/script>\n<!-- \/ Yoast SEO plugin. -->","yoast_head_json":{"title":"CANNAZYM ENZIMI - Kingston Grow Shop","robots":{"index":"index","follow":"follow","max-snippet":"max-snippet:-1","max-image-preview":"max-image-preview:large","max-video-preview":"max-video-preview:-1"},"canonical":"https:\/\/www.kingstongrowshop.it\/?product=cannazym-enzimi","og_locale":"it_IT","og_type":"article","og_title":"CANNAZYM ENZIMI - Kingston Grow Shop","og_description":"Cannazym  CANNAZYM \u00e9 un prodotto olandese di alta qualit\u00e0. CANNAZYM contiene enzimi che aiutano a mantenere una sana rizosfera ed inoltre:  -Aumenta la resistenza -Facile da utilizzare -Oltre dodici enzimi attivi -Stimola la decomposizione del materiale di radici vecchie o morte -Direttamente assimilabile -Assenza di residui nocivi -Ecologico -Adatto a qualsiasi tipo di substrato -Estremamente adatto per il riutilizzo dei substrati  La soluzione ideale per la crescita e la fioritura.","og_url":"https:\/\/www.kingstongrowshop.it\/?product=cannazym-enzimi","og_site_name":"Kingston Grow Shop","article_modified_time":"2025-02-06T10:28:41+00:00","og_image":[{"width":500,"height":500,"url":"https:\/\/www.kingstongrowshop.it\/wp-content\/uploads\/2020\/04\/zym.jpg","type":"image\/jpeg"}],"twitter_card":"summary_large_image","twitter_misc":{"Tempo di lettura stimato":"2 minuti"},"schema":{"@context":"https:\/\/schema.org","@graph":[{"@type":"WebPage","@id":"https:\/\/www.kingstongrowshop.it\/?product=cannazym-enzimi","url":"https:\/\/www.kingstongrowshop.it\/?product=cannazym-enzimi","name":"CANNAZYM ENZIMI - Kingston Grow Shop","isPartOf":{"@id":"https:\/\/www.kingstongrowshop.it\/#website"},"primaryImageOfPage":{"@id":"https:\/\/www.kingstongrowshop.it\/?product=cannazym-enzimi#primaryimage"},"image":{"@id":"https:\/\/www.kingstongrowshop.it\/?product=cannazym-enzimi#primaryimage"},"thumbnailUrl":"https:\/\/www.kingstongrowshop.it\/wp-content\/uploads\/2020\/04\/zym.jpg","datePublished":"2020-04-17T22:37:32+00:00","dateModified":"2025-02-06T10:28:41+00:00","breadcrumb":{"@id":"https:\/\/www.kingstongrowshop.it\/?product=cannazym-enzimi#breadcrumb"},"inLanguage":"it-IT","potentialAction":[{"@type":"ReadAction","target":["https:\/\/www.kingstongrowshop.it\/?product=cannazym-enzimi"]}]},{"@type":"ImageObject","inLanguage":"it-IT","@id":"https:\/\/www.kingstongrowshop.it\/?product=cannazym-enzimi#primaryimage","url":"https:\/\/www.kingstongrowshop.it\/wp-content\/uploads\/2020\/04\/zym.jpg","contentUrl":"https:\/\/www.kingstongrowshop.it\/wp-content\/uploads\/2020\/04\/zym.jpg","width":500,"height":500},{"@type":"BreadcrumbList","@id":"https:\/\/www.kingstongrowshop.it\/?product=cannazym-enzimi#breadcrumb","itemListElement":[{"@type":"ListItem","position":1,"name":"Home","item":"https:\/\/www.kingstongrowshop.it\/"},{"@type":"ListItem","position":2,"name":"Shop","item":"https:\/\/www.kingstongrowshop.it\/?page_id=3853"},{"@type":"ListItem","position":3,"name":"CANNAZYM ENZIMI"}]},{"@type":"WebSite","@id":"https:\/\/www.kingstongrowshop.it\/#website","url":"https:\/\/www.kingstongrowshop.it\/","name":"Kingston Grow Shop","description":"Il tuo Grow Shop di Fiducia","potentialAction":[{"@type":"SearchAction","target":{"@type":"EntryPoint","urlTemplate":"https:\/\/www.kingstongrowshop.it\/?s={search_term_string}"},"query-input":{"@type":"PropertyValueSpecification","valueRequired":true,"valueName":"search_term_string"}}],"inLanguage":"it-IT"}]}},"jetpack_sharing_enabled":true,"_links":{"self":[{"href":"https:\/\/www.kingstongrowshop.it\/index.php?rest_route=\/wp\/v2\/product\/8389","targetHints":{"allow":["GET"]}}],"collection":[{"href":"https:\/\/www.kingstongrowshop.it\/index.php?rest_route=\/wp\/v2\/product"}],"about":[{"href":"https:\/\/www.kingstongrowshop.it\/index.php?rest_route=\/wp\/v2\/types\/product"}],"replies":[{"embeddable":true,"href":"https:\/\/www.kingstongrowshop.it\/index.php?rest_route=%2Fwp%2Fv2%2Fcomments&post=8389"}],"wp:featuredmedia":[{"embeddable":true,"href":"https:\/\/www.kingstongrowshop.it\/index.php?rest_route=\/wp\/v2\/media\/8392"}],"wp:attachment":[{"href":"https:\/\/www.kingstongrowshop.it\/index.php?rest_route=%2Fwp%2Fv2%2Fmedia&parent=8389"}],"wp:term":[{"taxonomy":"product_brand","embeddable":true,"href":"https:\/\/www.kingstongrowshop.it\/index.php?rest_route=%2Fwp%2Fv2%2Fproduct_brand&post=8389"},{"taxonomy":"product_cat","embeddable":true,"href":"https:\/\/www.kingstongrowshop.it\/index.php?rest_route=%2Fwp%2Fv2%2Fproduct_cat&post=8389"},{"taxonomy":"product_tag","embeddable":true,"href":"https:\/\/www.kingstongrowshop.it\/index.php?rest_route=%2Fwp%2Fv2%2Fproduct_tag&post=8389"}],"curies":[{"name":"wp","href":"https:\/\/api.w.org\/{rel}","templated":true}]}}