{"id":9013,"date":"2020-11-27T23:45:37","date_gmt":"2020-11-27T22:45:37","guid":{"rendered":"https:\/\/www.kingstongrowshop.it\/?post_type=product&#038;p=9013"},"modified":"2024-07-09T18:21:12","modified_gmt":"2024-07-09T16:21:12","slug":"advanced-nutrients-overdrive-250-ml","status":"publish","type":"product","link":"https:\/\/www.kingstongrowshop.it\/?product=advanced-nutrients-overdrive-250-ml","title":{"rendered":"ADVANCED NUTRIENTS OVERDRIVE 250 ML"},"content":{"rendered":"","protected":false},"excerpt":{"rendered":"<h2>Overdrive di Advanced Nutrients \u00e8 una ricarica di vitamine e materiali organici per la fioritura<\/h2>\n<p>&nbsp;<\/p>\n<p><strong>Fertilizzante Overdrive Advanced Nutrients<\/strong> \u00e8 stato <strong>progettato per il ciclo di fioritura tardiva<\/strong>. Questa \u00e8 la fase finale vengono aggiunti <strong>acido citrico, acido ascorbico, e una serie di ormoni per uso alimentare<\/strong> \u00a0al fine di garantire maggior peso e circonferenza in pi\u00f9 durante le ultime settimane critiche fioritura quando le piante mostrano i guadagni pi\u00f9 consistenti.<\/p>\n<h3>Fertilizzante Overdrive Advanced Nutrients: Benefici per le piante nella fase finale di fioritura<\/h3>\n<ul>\n<li>Maggiore <strong>assorbimento dei nutrienti<\/strong><\/li>\n<li>Aumento della <strong>fotosintesi<\/strong><\/li>\n<li><strong>Maggiore Espansione delle cellule<\/strong> e fiori pi\u00f9 grandi<\/li>\n<li><strong>Aumento della creazione di strutture<\/strong> floreali interne e composti per aumentare l&#8217;aroma, il gusto e la potenza<\/li>\n<li><strong>Maggiore resistenza<\/strong> alla siccit\u00e0, al calore, stress, malattie, parassiti e fine fase di esaurimento a causa di acido folico e di altri ingredienti<\/li>\n<\/ul>\n<p>Le prove sul campo dimostra che il Fertilizzante Overdrive di Advanced Nutrients rinvigorisce fioritura e crea un rinnovato slancio di oli, profumi, dimensioni e altri tratti molto desiderabile che vi dar\u00e0 un raccolto impressionante.<\/p>\n","protected":false},"featured_media":9014,"comment_status":"open","ping_status":"closed","template":"","meta":[],"product_brand":[],"product_cat":[289,283,281],"product_tag":[1106,1107],"class_list":{"0":"post-9013","1":"product","2":"type-product","3":"status-publish","4":"has-post-thumbnail","6":"product_cat-advancenutrients","7":"product_cat-fertilizzanti","8":"product_cat-fertilizzantiecuradellepiante","9":"product_tag-advanced-nutrients","10":"product_tag-overdrive","12":"first","13":"instock","14":"taxable","15":"shipping-taxable","16":"purchasable","17":"product-type-simple"},"yoast_head":"<!-- This site is optimized with the Yoast SEO plugin v27.5 - https:\/\/yoast.com\/product\/yoast-seo-wordpress\/ -->\n<title>ADVANCED NUTRIENTS OVERDRIVE 250 ML - Kingston Grow Shop<\/title>\n<meta name=\"robots\" content=\"index, follow, max-snippet:-1, max-image-preview:large, max-video-preview:-1\" \/>\n<link rel=\"canonical\" href=\"https:\/\/www.kingstongrowshop.it\/?product=advanced-nutrients-overdrive-250-ml\" \/>\n<meta property=\"og:locale\" content=\"it_IT\" \/>\n<meta property=\"og:type\" content=\"article\" \/>\n<meta property=\"og:title\" content=\"ADVANCED NUTRIENTS OVERDRIVE 250 ML - Kingston Grow Shop\" \/>\n<meta property=\"og:description\" content=\"Overdrive di Advanced Nutrients \u00e8 una ricarica di vitamine e materiali organici per la fioritura &nbsp;  Fertilizzante Overdrive Advanced Nutrients \u00e8 stato progettato per il ciclo di fioritura tardiva. Questa \u00e8 la fase finale vengono aggiunti acido citrico, acido ascorbico, e una serie di ormoni per uso alimentare \u00a0al fine di garantire maggior peso e circonferenza in pi\u00f9 durante le ultime settimane critiche fioritura quando le piante mostrano i guadagni pi\u00f9 consistenti. Fertilizzante Overdrive Advanced Nutrients: Benefici per le piante nella fase finale di fioritura   Maggiore assorbimento dei nutrienti  Aumento della fotosintesi  Maggiore Espansione delle cellule e fiori pi\u00f9 grandi  Aumento della creazione di strutture floreali interne e composti per aumentare l&#039;aroma, il gusto e la potenza  Maggiore resistenza alla siccit\u00e0, al calore, stress, malattie, parassiti e fine fase di esaurimento a causa di acido folico e di altri ingredienti  Le prove sul campo dimostra che il Fertilizzante Overdrive di Advanced Nutrients rinvigorisce fioritura e crea un rinnovato slancio di oli, profumi, dimensioni e altri tratti molto desiderabile che vi dar\u00e0 un raccolto impressionante.\" \/>\n<meta property=\"og:url\" content=\"https:\/\/www.kingstongrowshop.it\/?product=advanced-nutrients-overdrive-250-ml\" \/>\n<meta property=\"og:site_name\" content=\"Kingston Grow Shop\" \/>\n<meta property=\"article:modified_time\" content=\"2024-07-09T16:21:12+00:00\" \/>\n<meta property=\"og:image\" content=\"https:\/\/www.kingstongrowshop.it\/wp-content\/uploads\/2020\/11\/OVERDRIVE.jpg\" \/>\n\t<meta property=\"og:image:width\" content=\"600\" \/>\n\t<meta property=\"og:image:height\" content=\"600\" \/>\n\t<meta property=\"og:image:type\" content=\"image\/jpeg\" \/>\n<meta name=\"twitter:card\" content=\"summary_large_image\" \/>\n<script type=\"application\/ld+json\" class=\"yoast-schema-graph\">{\"@context\":\"https:\\\/\\\/schema.org\",\"@graph\":[{\"@type\":\"WebPage\",\"@id\":\"https:\\\/\\\/www.kingstongrowshop.it\\\/?product=advanced-nutrients-overdrive-250-ml\",\"url\":\"https:\\\/\\\/www.kingstongrowshop.it\\\/?product=advanced-nutrients-overdrive-250-ml\",\"name\":\"ADVANCED NUTRIENTS OVERDRIVE 250 ML - Kingston Grow Shop\",\"isPartOf\":{\"@id\":\"https:\\\/\\\/www.kingstongrowshop.it\\\/#website\"},\"primaryImageOfPage\":{\"@id\":\"https:\\\/\\\/www.kingstongrowshop.it\\\/?product=advanced-nutrients-overdrive-250-ml#primaryimage\"},\"image\":{\"@id\":\"https:\\\/\\\/www.kingstongrowshop.it\\\/?product=advanced-nutrients-overdrive-250-ml#primaryimage\"},\"thumbnailUrl\":\"https:\\\/\\\/www.kingstongrowshop.it\\\/wp-content\\\/uploads\\\/2020\\\/11\\\/OVERDRIVE.jpg\",\"datePublished\":\"2020-11-27T22:45:37+00:00\",\"dateModified\":\"2024-07-09T16:21:12+00:00\",\"breadcrumb\":{\"@id\":\"https:\\\/\\\/www.kingstongrowshop.it\\\/?product=advanced-nutrients-overdrive-250-ml#breadcrumb\"},\"inLanguage\":\"it-IT\",\"potentialAction\":[{\"@type\":\"ReadAction\",\"target\":[\"https:\\\/\\\/www.kingstongrowshop.it\\\/?product=advanced-nutrients-overdrive-250-ml\"]}]},{\"@type\":\"ImageObject\",\"inLanguage\":\"it-IT\",\"@id\":\"https:\\\/\\\/www.kingstongrowshop.it\\\/?product=advanced-nutrients-overdrive-250-ml#primaryimage\",\"url\":\"https:\\\/\\\/www.kingstongrowshop.it\\\/wp-content\\\/uploads\\\/2020\\\/11\\\/OVERDRIVE.jpg\",\"contentUrl\":\"https:\\\/\\\/www.kingstongrowshop.it\\\/wp-content\\\/uploads\\\/2020\\\/11\\\/OVERDRIVE.jpg\",\"width\":600,\"height\":600},{\"@type\":\"BreadcrumbList\",\"@id\":\"https:\\\/\\\/www.kingstongrowshop.it\\\/?product=advanced-nutrients-overdrive-250-ml#breadcrumb\",\"itemListElement\":[{\"@type\":\"ListItem\",\"position\":1,\"name\":\"Home\",\"item\":\"https:\\\/\\\/www.kingstongrowshop.it\\\/\"},{\"@type\":\"ListItem\",\"position\":2,\"name\":\"Shop\",\"item\":\"https:\\\/\\\/www.kingstongrowshop.it\\\/?page_id=3853\"},{\"@type\":\"ListItem\",\"position\":3,\"name\":\"ADVANCED NUTRIENTS OVERDRIVE 250 ML\"}]},{\"@type\":\"WebSite\",\"@id\":\"https:\\\/\\\/www.kingstongrowshop.it\\\/#website\",\"url\":\"https:\\\/\\\/www.kingstongrowshop.it\\\/\",\"name\":\"Kingston Grow Shop\",\"description\":\"Il tuo Grow Shop di Fiducia\",\"potentialAction\":[{\"@type\":\"SearchAction\",\"target\":{\"@type\":\"EntryPoint\",\"urlTemplate\":\"https:\\\/\\\/www.kingstongrowshop.it\\\/?s={search_term_string}\"},\"query-input\":{\"@type\":\"PropertyValueSpecification\",\"valueRequired\":true,\"valueName\":\"search_term_string\"}}],\"inLanguage\":\"it-IT\"}]}<\/script>\n<!-- \/ Yoast SEO plugin. -->","yoast_head_json":{"title":"ADVANCED NUTRIENTS OVERDRIVE 250 ML - Kingston Grow Shop","robots":{"index":"index","follow":"follow","max-snippet":"max-snippet:-1","max-image-preview":"max-image-preview:large","max-video-preview":"max-video-preview:-1"},"canonical":"https:\/\/www.kingstongrowshop.it\/?product=advanced-nutrients-overdrive-250-ml","og_locale":"it_IT","og_type":"article","og_title":"ADVANCED NUTRIENTS OVERDRIVE 250 ML - Kingston Grow Shop","og_description":"Overdrive di Advanced Nutrients \u00e8 una ricarica di vitamine e materiali organici per la fioritura &nbsp;  Fertilizzante Overdrive Advanced Nutrients \u00e8 stato progettato per il ciclo di fioritura tardiva. Questa \u00e8 la fase finale vengono aggiunti acido citrico, acido ascorbico, e una serie di ormoni per uso alimentare \u00a0al fine di garantire maggior peso e circonferenza in pi\u00f9 durante le ultime settimane critiche fioritura quando le piante mostrano i guadagni pi\u00f9 consistenti. Fertilizzante Overdrive Advanced Nutrients: Benefici per le piante nella fase finale di fioritura   Maggiore assorbimento dei nutrienti  Aumento della fotosintesi  Maggiore Espansione delle cellule e fiori pi\u00f9 grandi  Aumento della creazione di strutture floreali interne e composti per aumentare l'aroma, il gusto e la potenza  Maggiore resistenza alla siccit\u00e0, al calore, stress, malattie, parassiti e fine fase di esaurimento a causa di acido folico e di altri ingredienti  Le prove sul campo dimostra che il Fertilizzante Overdrive di Advanced Nutrients rinvigorisce fioritura e crea un rinnovato slancio di oli, profumi, dimensioni e altri tratti molto desiderabile che vi dar\u00e0 un raccolto impressionante.","og_url":"https:\/\/www.kingstongrowshop.it\/?product=advanced-nutrients-overdrive-250-ml","og_site_name":"Kingston Grow Shop","article_modified_time":"2024-07-09T16:21:12+00:00","og_image":[{"width":600,"height":600,"url":"https:\/\/www.kingstongrowshop.it\/wp-content\/uploads\/2020\/11\/OVERDRIVE.jpg","type":"image\/jpeg"}],"twitter_card":"summary_large_image","schema":{"@context":"https:\/\/schema.org","@graph":[{"@type":"WebPage","@id":"https:\/\/www.kingstongrowshop.it\/?product=advanced-nutrients-overdrive-250-ml","url":"https:\/\/www.kingstongrowshop.it\/?product=advanced-nutrients-overdrive-250-ml","name":"ADVANCED NUTRIENTS OVERDRIVE 250 ML - Kingston Grow Shop","isPartOf":{"@id":"https:\/\/www.kingstongrowshop.it\/#website"},"primaryImageOfPage":{"@id":"https:\/\/www.kingstongrowshop.it\/?product=advanced-nutrients-overdrive-250-ml#primaryimage"},"image":{"@id":"https:\/\/www.kingstongrowshop.it\/?product=advanced-nutrients-overdrive-250-ml#primaryimage"},"thumbnailUrl":"https:\/\/www.kingstongrowshop.it\/wp-content\/uploads\/2020\/11\/OVERDRIVE.jpg","datePublished":"2020-11-27T22:45:37+00:00","dateModified":"2024-07-09T16:21:12+00:00","breadcrumb":{"@id":"https:\/\/www.kingstongrowshop.it\/?product=advanced-nutrients-overdrive-250-ml#breadcrumb"},"inLanguage":"it-IT","potentialAction":[{"@type":"ReadAction","target":["https:\/\/www.kingstongrowshop.it\/?product=advanced-nutrients-overdrive-250-ml"]}]},{"@type":"ImageObject","inLanguage":"it-IT","@id":"https:\/\/www.kingstongrowshop.it\/?product=advanced-nutrients-overdrive-250-ml#primaryimage","url":"https:\/\/www.kingstongrowshop.it\/wp-content\/uploads\/2020\/11\/OVERDRIVE.jpg","contentUrl":"https:\/\/www.kingstongrowshop.it\/wp-content\/uploads\/2020\/11\/OVERDRIVE.jpg","width":600,"height":600},{"@type":"BreadcrumbList","@id":"https:\/\/www.kingstongrowshop.it\/?product=advanced-nutrients-overdrive-250-ml#breadcrumb","itemListElement":[{"@type":"ListItem","position":1,"name":"Home","item":"https:\/\/www.kingstongrowshop.it\/"},{"@type":"ListItem","position":2,"name":"Shop","item":"https:\/\/www.kingstongrowshop.it\/?page_id=3853"},{"@type":"ListItem","position":3,"name":"ADVANCED NUTRIENTS OVERDRIVE 250 ML"}]},{"@type":"WebSite","@id":"https:\/\/www.kingstongrowshop.it\/#website","url":"https:\/\/www.kingstongrowshop.it\/","name":"Kingston Grow Shop","description":"Il tuo Grow Shop di Fiducia","potentialAction":[{"@type":"SearchAction","target":{"@type":"EntryPoint","urlTemplate":"https:\/\/www.kingstongrowshop.it\/?s={search_term_string}"},"query-input":{"@type":"PropertyValueSpecification","valueRequired":true,"valueName":"search_term_string"}}],"inLanguage":"it-IT"}]}},"jetpack_sharing_enabled":true,"_links":{"self":[{"href":"https:\/\/www.kingstongrowshop.it\/index.php?rest_route=\/wp\/v2\/product\/9013","targetHints":{"allow":["GET"]}}],"collection":[{"href":"https:\/\/www.kingstongrowshop.it\/index.php?rest_route=\/wp\/v2\/product"}],"about":[{"href":"https:\/\/www.kingstongrowshop.it\/index.php?rest_route=\/wp\/v2\/types\/product"}],"replies":[{"embeddable":true,"href":"https:\/\/www.kingstongrowshop.it\/index.php?rest_route=%2Fwp%2Fv2%2Fcomments&post=9013"}],"wp:featuredmedia":[{"embeddable":true,"href":"https:\/\/www.kingstongrowshop.it\/index.php?rest_route=\/wp\/v2\/media\/9014"}],"wp:attachment":[{"href":"https:\/\/www.kingstongrowshop.it\/index.php?rest_route=%2Fwp%2Fv2%2Fmedia&parent=9013"}],"wp:term":[{"taxonomy":"product_brand","embeddable":true,"href":"https:\/\/www.kingstongrowshop.it\/index.php?rest_route=%2Fwp%2Fv2%2Fproduct_brand&post=9013"},{"taxonomy":"product_cat","embeddable":true,"href":"https:\/\/www.kingstongrowshop.it\/index.php?rest_route=%2Fwp%2Fv2%2Fproduct_cat&post=9013"},{"taxonomy":"product_tag","embeddable":true,"href":"https:\/\/www.kingstongrowshop.it\/index.php?rest_route=%2Fwp%2Fv2%2Fproduct_tag&post=9013"}],"curies":[{"name":"wp","href":"https:\/\/api.w.org\/{rel}","templated":true}]}}