{"id":9263,"date":"2021-01-30T02:13:12","date_gmt":"2021-01-30T01:13:12","guid":{"rendered":"https:\/\/www.kingstongrowshop.it\/?post_type=product&#038;p=9263"},"modified":"2025-11-28T09:57:12","modified_gmt":"2025-11-28T08:57:12","slug":"solea-pannello-riscaldante-arrotolabile-120x58-cm-500w","status":"publish","type":"product","link":"https:\/\/www.kingstongrowshop.it\/?product=solea-pannello-riscaldante-arrotolabile-120x58-cm-500w","title":{"rendered":"SOLEA &#8211; PANNELLO RISCALDANTE ARROTOLABILE | 120&#215;58 cm | 500w"},"content":{"rendered":"<p><strong>I VANTAGGI :<\/strong><\/p>\n<ul>\n<li>Ultra leggero (420 grammi).\u00a0Basta un semplice gancio per appenderlo al muro.<\/li>\n<li>Facilmente trasportabile e facilmente riponibile (arrotolabile).<\/li>\n<li>ECONOMICO perch\u00e9 possiede uno stabilizzante che mantiene la temperatura a 18 \u00b0 C.\u00a0In dieci secondi il consumo di\u00a0elettricit\u00e0 diminuisce dal 10 al 15%.<\/li>\n<li>RESISTENTE ALL&#8217;UMIDIT\u00c0, pu\u00f2 essere utilizzato in molte zone abitabili differenti.<\/li>\n<\/ul>\n<h2><strong><br \/>\nSpecifiche tecniche Pannello Riscaldante arrotolabile:<br \/>\n<\/strong><\/h2>\n<ul>\n<li><strong>TENSIONE<\/strong>\u00a0&#8211; 230 V.<\/li>\n<li><strong>PESO<\/strong>\u00a0&#8211; 420 grammi<\/li>\n<li><strong>SPESSORE<\/strong>\u00a0&#8211; 0,12 mm<\/li>\n<li><strong>CONSUMO ELETTRICO<\/strong>\u00a0&#8211; 500w<\/li>\n<li><strong>TEMPERATURA DI LAVORO<\/strong>\u00a0&#8211; 18 \u00b0 C<\/li>\n<li>Non brucia le mani ed \u00e8 sicuro per i bambini<\/li>\n<li><strong>DIMENSIONI<\/strong>\u00a0del radiatore aperto &#8211; 1200 x 580 mm<\/li>\n<li><strong>DIMENSIONI IMBALLO<\/strong>\u00a0&#8211; 600 x 65 x 65 mm<\/li>\n<li><strong>ASPETTATIVA DI VITA<\/strong>\u00a0&#8211; 10 anni<\/li>\n<li><strong>TEMPO DI RISCALDAMENTO<\/strong>\u00a0&#8211; 10 secondi<\/li>\n<li><strong>RISCALDA AMBIENTI FINO A &#8211;<\/strong>\u00a015 m2<\/li>\n<\/ul>\n","protected":false},"excerpt":{"rendered":"<p>Il Pannello riscaldante pieghevole Solea \u00e8 perfetto per riscaldare la tua grow room. Perfettamente piatto questo riscaldatore Solea consente di risparmiare spazio (tenda da coltivazione, ufficio, camper, studio, camera dei bambini, bagno, veranda, barca, ecc.).<\/p>\n<p>\u00c8 ultraleggero e pu\u00f2 essere appeso con un semplice gancio. Se non in uso, il riscaldatore pu\u00f2 essere arrotolato e riposto ordinatamente.<\/p>\n","protected":false},"featured_media":9264,"comment_status":"open","ping_status":"closed","template":"","meta":[],"product_brand":[],"product_cat":[270,259],"product_tag":[1170,1171,1169],"class_list":{"0":"post-9263","1":"product","2":"type-product","3":"status-publish","4":"has-post-thumbnail","6":"product_cat-controllo-clima-umidita","7":"product_cat-trattamentoaria","8":"product_tag-pannello-riscaldante","9":"product_tag-riscaldamento-grow-box","10":"product_tag-riscaldatore","12":"first","13":"outofstock","14":"shipping-taxable","15":"purchasable","16":"product-type-simple"},"yoast_head":"<!-- This site is optimized with the Yoast SEO plugin v27.5 - https:\/\/yoast.com\/product\/yoast-seo-wordpress\/ -->\n<title>SOLEA - PANNELLO RISCALDANTE ARROTOLABILE | 120x58 cm | 500w - Kingston Grow Shop<\/title>\n<meta name=\"description\" content=\"l Pannello riscaldante pieghevole Solea \u00e8 perfetto per riscaldare la tua grow room. Perfettamente piatto questo riscaldatore Solea consente di risparmiare spazio, assorbimento 500w.\" \/>\n<meta name=\"robots\" content=\"index, follow, max-snippet:-1, max-image-preview:large, max-video-preview:-1\" \/>\n<link rel=\"canonical\" href=\"https:\/\/www.kingstongrowshop.it\/?product=solea-pannello-riscaldante-arrotolabile-120x58-cm-500w\" \/>\n<meta property=\"og:locale\" content=\"it_IT\" \/>\n<meta property=\"og:type\" content=\"article\" \/>\n<meta property=\"og:title\" content=\"SOLEA - PANNELLO RISCALDANTE ARROTOLABILE | 120x58 cm | 500w - Kingston Grow Shop\" \/>\n<meta property=\"og:description\" content=\"l Pannello riscaldante pieghevole Solea \u00e8 perfetto per riscaldare la tua grow room. Perfettamente piatto questo riscaldatore Solea consente di risparmiare spazio, assorbimento 500w.\" \/>\n<meta property=\"og:url\" content=\"https:\/\/www.kingstongrowshop.it\/?product=solea-pannello-riscaldante-arrotolabile-120x58-cm-500w\" \/>\n<meta property=\"og:site_name\" content=\"Kingston Grow Shop\" \/>\n<meta property=\"article:modified_time\" content=\"2025-11-28T08:57:12+00:00\" \/>\n<meta property=\"og:image\" content=\"https:\/\/www.kingstongrowshop.it\/wp-content\/uploads\/2021\/01\/solea_booster_riscaldatore_pieghevole_Indoorline_01.jpg\" \/>\n\t<meta property=\"og:image:width\" content=\"800\" \/>\n\t<meta property=\"og:image:height\" content=\"800\" \/>\n\t<meta property=\"og:image:type\" content=\"image\/jpeg\" \/>\n<meta name=\"twitter:card\" content=\"summary_large_image\" \/>\n<meta name=\"twitter:label1\" content=\"Tempo di lettura stimato\" \/>\n\t<meta name=\"twitter:data1\" content=\"1 minuto\" \/>\n<script type=\"application\/ld+json\" class=\"yoast-schema-graph\">{\"@context\":\"https:\\\/\\\/schema.org\",\"@graph\":[{\"@type\":\"WebPage\",\"@id\":\"https:\\\/\\\/www.kingstongrowshop.it\\\/?product=solea-pannello-riscaldante-arrotolabile-120x58-cm-500w\",\"url\":\"https:\\\/\\\/www.kingstongrowshop.it\\\/?product=solea-pannello-riscaldante-arrotolabile-120x58-cm-500w\",\"name\":\"SOLEA - PANNELLO RISCALDANTE ARROTOLABILE | 120x58 cm | 500w - Kingston Grow Shop\",\"isPartOf\":{\"@id\":\"https:\\\/\\\/www.kingstongrowshop.it\\\/#website\"},\"primaryImageOfPage\":{\"@id\":\"https:\\\/\\\/www.kingstongrowshop.it\\\/?product=solea-pannello-riscaldante-arrotolabile-120x58-cm-500w#primaryimage\"},\"image\":{\"@id\":\"https:\\\/\\\/www.kingstongrowshop.it\\\/?product=solea-pannello-riscaldante-arrotolabile-120x58-cm-500w#primaryimage\"},\"thumbnailUrl\":\"https:\\\/\\\/www.kingstongrowshop.it\\\/wp-content\\\/uploads\\\/2021\\\/01\\\/solea_booster_riscaldatore_pieghevole_Indoorline_01.jpg\",\"datePublished\":\"2021-01-30T01:13:12+00:00\",\"dateModified\":\"2025-11-28T08:57:12+00:00\",\"description\":\"l Pannello riscaldante pieghevole Solea \u00e8 perfetto per riscaldare la tua grow room. Perfettamente piatto questo riscaldatore Solea consente di risparmiare spazio, assorbimento 500w.\",\"breadcrumb\":{\"@id\":\"https:\\\/\\\/www.kingstongrowshop.it\\\/?product=solea-pannello-riscaldante-arrotolabile-120x58-cm-500w#breadcrumb\"},\"inLanguage\":\"it-IT\",\"potentialAction\":[{\"@type\":\"ReadAction\",\"target\":[\"https:\\\/\\\/www.kingstongrowshop.it\\\/?product=solea-pannello-riscaldante-arrotolabile-120x58-cm-500w\"]}]},{\"@type\":\"ImageObject\",\"inLanguage\":\"it-IT\",\"@id\":\"https:\\\/\\\/www.kingstongrowshop.it\\\/?product=solea-pannello-riscaldante-arrotolabile-120x58-cm-500w#primaryimage\",\"url\":\"https:\\\/\\\/www.kingstongrowshop.it\\\/wp-content\\\/uploads\\\/2021\\\/01\\\/solea_booster_riscaldatore_pieghevole_Indoorline_01.jpg\",\"contentUrl\":\"https:\\\/\\\/www.kingstongrowshop.it\\\/wp-content\\\/uploads\\\/2021\\\/01\\\/solea_booster_riscaldatore_pieghevole_Indoorline_01.jpg\",\"width\":800,\"height\":800},{\"@type\":\"BreadcrumbList\",\"@id\":\"https:\\\/\\\/www.kingstongrowshop.it\\\/?product=solea-pannello-riscaldante-arrotolabile-120x58-cm-500w#breadcrumb\",\"itemListElement\":[{\"@type\":\"ListItem\",\"position\":1,\"name\":\"Home\",\"item\":\"https:\\\/\\\/www.kingstongrowshop.it\\\/\"},{\"@type\":\"ListItem\",\"position\":2,\"name\":\"Shop\",\"item\":\"https:\\\/\\\/www.kingstongrowshop.it\\\/?page_id=3853\"},{\"@type\":\"ListItem\",\"position\":3,\"name\":\"SOLEA &#8211; PANNELLO RISCALDANTE ARROTOLABILE | 120&#215;58 cm | 500w\"}]},{\"@type\":\"WebSite\",\"@id\":\"https:\\\/\\\/www.kingstongrowshop.it\\\/#website\",\"url\":\"https:\\\/\\\/www.kingstongrowshop.it\\\/\",\"name\":\"Kingston Grow Shop\",\"description\":\"Il tuo Grow Shop di Fiducia\",\"potentialAction\":[{\"@type\":\"SearchAction\",\"target\":{\"@type\":\"EntryPoint\",\"urlTemplate\":\"https:\\\/\\\/www.kingstongrowshop.it\\\/?s={search_term_string}\"},\"query-input\":{\"@type\":\"PropertyValueSpecification\",\"valueRequired\":true,\"valueName\":\"search_term_string\"}}],\"inLanguage\":\"it-IT\"}]}<\/script>\n<!-- \/ Yoast SEO plugin. -->","yoast_head_json":{"title":"SOLEA - PANNELLO RISCALDANTE ARROTOLABILE | 120x58 cm | 500w - Kingston Grow Shop","description":"l Pannello riscaldante pieghevole Solea \u00e8 perfetto per riscaldare la tua grow room. Perfettamente piatto questo riscaldatore Solea consente di risparmiare spazio, assorbimento 500w.","robots":{"index":"index","follow":"follow","max-snippet":"max-snippet:-1","max-image-preview":"max-image-preview:large","max-video-preview":"max-video-preview:-1"},"canonical":"https:\/\/www.kingstongrowshop.it\/?product=solea-pannello-riscaldante-arrotolabile-120x58-cm-500w","og_locale":"it_IT","og_type":"article","og_title":"SOLEA - PANNELLO RISCALDANTE ARROTOLABILE | 120x58 cm | 500w - Kingston Grow Shop","og_description":"l Pannello riscaldante pieghevole Solea \u00e8 perfetto per riscaldare la tua grow room. Perfettamente piatto questo riscaldatore Solea consente di risparmiare spazio, assorbimento 500w.","og_url":"https:\/\/www.kingstongrowshop.it\/?product=solea-pannello-riscaldante-arrotolabile-120x58-cm-500w","og_site_name":"Kingston Grow Shop","article_modified_time":"2025-11-28T08:57:12+00:00","og_image":[{"width":800,"height":800,"url":"https:\/\/www.kingstongrowshop.it\/wp-content\/uploads\/2021\/01\/solea_booster_riscaldatore_pieghevole_Indoorline_01.jpg","type":"image\/jpeg"}],"twitter_card":"summary_large_image","twitter_misc":{"Tempo di lettura stimato":"1 minuto"},"schema":{"@context":"https:\/\/schema.org","@graph":[{"@type":"WebPage","@id":"https:\/\/www.kingstongrowshop.it\/?product=solea-pannello-riscaldante-arrotolabile-120x58-cm-500w","url":"https:\/\/www.kingstongrowshop.it\/?product=solea-pannello-riscaldante-arrotolabile-120x58-cm-500w","name":"SOLEA - PANNELLO RISCALDANTE ARROTOLABILE | 120x58 cm | 500w - Kingston Grow Shop","isPartOf":{"@id":"https:\/\/www.kingstongrowshop.it\/#website"},"primaryImageOfPage":{"@id":"https:\/\/www.kingstongrowshop.it\/?product=solea-pannello-riscaldante-arrotolabile-120x58-cm-500w#primaryimage"},"image":{"@id":"https:\/\/www.kingstongrowshop.it\/?product=solea-pannello-riscaldante-arrotolabile-120x58-cm-500w#primaryimage"},"thumbnailUrl":"https:\/\/www.kingstongrowshop.it\/wp-content\/uploads\/2021\/01\/solea_booster_riscaldatore_pieghevole_Indoorline_01.jpg","datePublished":"2021-01-30T01:13:12+00:00","dateModified":"2025-11-28T08:57:12+00:00","description":"l Pannello riscaldante pieghevole Solea \u00e8 perfetto per riscaldare la tua grow room. Perfettamente piatto questo riscaldatore Solea consente di risparmiare spazio, assorbimento 500w.","breadcrumb":{"@id":"https:\/\/www.kingstongrowshop.it\/?product=solea-pannello-riscaldante-arrotolabile-120x58-cm-500w#breadcrumb"},"inLanguage":"it-IT","potentialAction":[{"@type":"ReadAction","target":["https:\/\/www.kingstongrowshop.it\/?product=solea-pannello-riscaldante-arrotolabile-120x58-cm-500w"]}]},{"@type":"ImageObject","inLanguage":"it-IT","@id":"https:\/\/www.kingstongrowshop.it\/?product=solea-pannello-riscaldante-arrotolabile-120x58-cm-500w#primaryimage","url":"https:\/\/www.kingstongrowshop.it\/wp-content\/uploads\/2021\/01\/solea_booster_riscaldatore_pieghevole_Indoorline_01.jpg","contentUrl":"https:\/\/www.kingstongrowshop.it\/wp-content\/uploads\/2021\/01\/solea_booster_riscaldatore_pieghevole_Indoorline_01.jpg","width":800,"height":800},{"@type":"BreadcrumbList","@id":"https:\/\/www.kingstongrowshop.it\/?product=solea-pannello-riscaldante-arrotolabile-120x58-cm-500w#breadcrumb","itemListElement":[{"@type":"ListItem","position":1,"name":"Home","item":"https:\/\/www.kingstongrowshop.it\/"},{"@type":"ListItem","position":2,"name":"Shop","item":"https:\/\/www.kingstongrowshop.it\/?page_id=3853"},{"@type":"ListItem","position":3,"name":"SOLEA &#8211; PANNELLO RISCALDANTE ARROTOLABILE | 120&#215;58 cm | 500w"}]},{"@type":"WebSite","@id":"https:\/\/www.kingstongrowshop.it\/#website","url":"https:\/\/www.kingstongrowshop.it\/","name":"Kingston Grow Shop","description":"Il tuo Grow Shop di Fiducia","potentialAction":[{"@type":"SearchAction","target":{"@type":"EntryPoint","urlTemplate":"https:\/\/www.kingstongrowshop.it\/?s={search_term_string}"},"query-input":{"@type":"PropertyValueSpecification","valueRequired":true,"valueName":"search_term_string"}}],"inLanguage":"it-IT"}]}},"jetpack_sharing_enabled":true,"_links":{"self":[{"href":"https:\/\/www.kingstongrowshop.it\/index.php?rest_route=\/wp\/v2\/product\/9263","targetHints":{"allow":["GET"]}}],"collection":[{"href":"https:\/\/www.kingstongrowshop.it\/index.php?rest_route=\/wp\/v2\/product"}],"about":[{"href":"https:\/\/www.kingstongrowshop.it\/index.php?rest_route=\/wp\/v2\/types\/product"}],"replies":[{"embeddable":true,"href":"https:\/\/www.kingstongrowshop.it\/index.php?rest_route=%2Fwp%2Fv2%2Fcomments&post=9263"}],"wp:featuredmedia":[{"embeddable":true,"href":"https:\/\/www.kingstongrowshop.it\/index.php?rest_route=\/wp\/v2\/media\/9264"}],"wp:attachment":[{"href":"https:\/\/www.kingstongrowshop.it\/index.php?rest_route=%2Fwp%2Fv2%2Fmedia&parent=9263"}],"wp:term":[{"taxonomy":"product_brand","embeddable":true,"href":"https:\/\/www.kingstongrowshop.it\/index.php?rest_route=%2Fwp%2Fv2%2Fproduct_brand&post=9263"},{"taxonomy":"product_cat","embeddable":true,"href":"https:\/\/www.kingstongrowshop.it\/index.php?rest_route=%2Fwp%2Fv2%2Fproduct_cat&post=9263"},{"taxonomy":"product_tag","embeddable":true,"href":"https:\/\/www.kingstongrowshop.it\/index.php?rest_route=%2Fwp%2Fv2%2Fproduct_tag&post=9263"}],"curies":[{"name":"wp","href":"https:\/\/api.w.org\/{rel}","templated":true}]}}